CRAN Package Check Results for Package gJLS2

Last updated on 2022-01-22 21:53:44 CET.

Flavor Version Tinstall Tcheck Ttotal Status Flags
r-devel-linux-x86_64-debian-clang 0.2.0 16.30 151.50 167.80 OK
r-devel-linux-x86_64-debian-gcc 0.2.0 13.37 114.62 127.99 OK
r-devel-linux-x86_64-fedora-clang 0.2.0 211.46 NOTE
r-devel-linux-x86_64-fedora-gcc 0.2.0 188.68 NOTE
r-devel-windows-x86_64-new-UL 0.2.0 27.00 166.00 193.00 OK
r-devel-windows-x86_64-new-TK 0.2.0 NOTE
r-patched-linux-x86_64 0.2.0 15.88 142.40 158.28 OK
r-release-linux-x86_64 0.2.0 16.09 142.27 158.36 OK
r-release-macos-arm64 0.2.0 NOTE
r-release-macos-x86_64 0.2.0 NOTE
r-release-windows-ix86+x86_64 0.2.0 39.00 174.00 213.00 OK
r-oldrel-macos-x86_64 0.2.0 NOTE
r-oldrel-windows-ix86+x86_64 0.2.0 40.00 170.00 210.00 OK

Check Details

Version: 0.2.0
Check: dependencies in R code
Result: NOTE
    Namespaces in Imports field not imported from:
     ‘MASS’ ‘MCMCpack’ ‘ggplot2’ ‘moments’
     All declared Imports should be used.
Flavors: r-devel-linux-x86_64-fedora-clang, r-devel-linux-x86_64-fedora-gcc, r-devel-windows-x86_64-new-TK, r-release-macos-arm64, r-release-macos-x86_64, r-oldrel-macos-x86_64