CRAN Package Check Results for Package gRain

Last updated on 2019-04-26 13:47:37 CEST.

Flavor Version Tinstall Tcheck Ttotal Status Flags
r-devel-linux-x86_64-debian-clang 1.3-0 42.84 95.25 138.09 OK
r-devel-linux-x86_64-debian-gcc 1.3-0 37.23 76.01 113.24 OK
r-devel-linux-x86_64-fedora-clang 1.3-0 180.53 NOTE
r-devel-linux-x86_64-fedora-gcc 1.3-0 173.05 NOTE
r-devel-windows-ix86+x86_64 1.3-0 115.00 211.00 326.00 OK
r-patched-linux-x86_64 1.3-0 42.87 96.43 139.30 OK
r-patched-solaris-x86 1.3-0 228.20 OK
r-release-linux-x86_64 1.3-0 39.07 91.64 130.71 OK
r-release-windows-ix86+x86_64 1.3-0 111.00 190.00 301.00 OK
r-release-osx-x86_64 1.3-0 OK
r-oldrel-windows-ix86+x86_64 1.3-0 79.00 133.00 212.00 OK
r-oldrel-osx-x86_64 1.3-0 OK

Check Details

Version: 1.3-0
Check: compiled code
Result: NOTE
    File ‘gRain/libs/gRain.so’:
     Found no calls to: ‘R_registerRoutines’, ‘R_useDynamicSymbols’
    
    It is good practice to register native routines and to disable symbol
    search.
    
    See ‘Writing portable packages’ in the ‘Writing R Extensions’ manual.
Flavors: r-devel-linux-x86_64-fedora-clang, r-devel-linux-x86_64-fedora-gcc