CRAN Package Check Results for Package gRain

Last updated on 2019-02-18 05:49:22 CET.

Flavor Version Tinstall Tcheck Ttotal Status Flags
r-devel-linux-x86_64-debian-clang 1.3-0 42.61 96.23 138.84 OK
r-devel-linux-x86_64-debian-gcc 1.3-0 36.11 75.28 111.39 OK
r-devel-linux-x86_64-fedora-clang 1.3-0 184.51 NOTE
r-devel-linux-x86_64-fedora-gcc 1.3-0 173.32 NOTE
r-devel-windows-ix86+x86_64 1.3-0 109.00 144.00 253.00 OK
r-patched-linux-x86_64 1.3-0 37.44 90.62 128.06 OK
r-patched-solaris-x86 1.3-0 216.60 OK
r-release-linux-x86_64 1.3-0 OK
r-release-windows-ix86+x86_64 1.3-0 76.00 194.00 270.00 OK
r-release-osx-x86_64 1.3-0 OK
r-oldrel-windows-ix86+x86_64 1.3-0 107.00 152.00 259.00 OK
r-oldrel-osx-x86_64 1.3-0 OK

Check Details

Version: 1.3-0
Check: compiled code
Result: NOTE
    File ‘gRain/libs/gRain.so’:
     Found no calls to: ‘R_registerRoutines’, ‘R_useDynamicSymbols’
    
    It is good practice to register native routines and to disable symbol
    search.
    
    See ‘Writing portable packages’ in the ‘Writing R Extensions’ manual.
Flavors: r-devel-linux-x86_64-fedora-clang, r-devel-linux-x86_64-fedora-gcc