CRAN Package Check Results for Package gRbase

Last updated on 2019-05-25 13:46:56 CEST.

Flavor Version Tinstall Tcheck Ttotal Status Flags
r-devel-linux-x86_64-debian-clang 1.8-3.4 217.25 130.11 347.36 NOTE
r-devel-linux-x86_64-debian-gcc 1.8-3.4 178.13 105.78 283.91 NOTE
r-devel-linux-x86_64-fedora-clang 1.8-3.4 525.58 NOTE
r-devel-linux-x86_64-fedora-gcc 1.8-3.4 480.68 NOTE
r-devel-windows-ix86+x86_64 1.8-3.4 411.00 255.00 666.00 NOTE
r-patched-linux-x86_64 1.8-3.4 NOTE
r-patched-solaris-x86 1.8-3.4 506.20 NOTE
r-release-linux-x86_64 1.8-3.4 205.20 132.73 337.93 NOTE
r-release-windows-ix86+x86_64 1.8-3.4 528.00 267.00 795.00 NOTE
r-release-osx-x86_64 1.8-3.4 ERROR
r-oldrel-windows-ix86+x86_64 1.8-3.4 528.00 173.00 701.00 OK
r-oldrel-osx-x86_64 1.8-3.4 NOTE

Check Details

Version: 1.8-3.4
Check: line endings in C/C++/Fortran sources/headers
Result: NOTE
    Found the following sources/headers with CR or CRLF line endings:
     inst/include/gRbase.h
     inst/include/gRbase_typedefs.h
    Some Unix compilers require LF line endings.
Flavors: r-devel-linux-x86_64-debian-clang, r-devel-linux-x86_64-debian-gcc, r-devel-linux-x86_64-fedora-clang, r-devel-linux-x86_64-fedora-gcc, r-devel-windows-ix86+x86_64, r-patched-linux-x86_64, r-patched-solaris-x86, r-release-linux-x86_64, r-release-windows-ix86+x86_64

Version: 1.8-3.4
Check: installed package size
Result: NOTE
     installed size is 13.3Mb
     sub-directories of 1Mb or more:
     libs 11.3Mb
Flavors: r-devel-linux-x86_64-fedora-clang, r-oldrel-osx-x86_64

Version: 1.8-3.4
Check: package dependencies
Result: ERROR
    Packages required but not available: 'graph', 'RBGL'
    
    Package suggested but not available for checking: ‘Rgraphviz’
    
    See section ‘The DESCRIPTION file’ in the ‘Writing R Extensions’
    manual.
Flavor: r-release-osx-x86_64