CRAN Package Check Results for Package gRbase

Last updated on 2019-03-20 20:48:32 CET.

Flavor Version Tinstall Tcheck Ttotal Status Flags
r-devel-linux-x86_64-debian-clang 1.8-3.4 217.62 133.44 351.06 NOTE
r-devel-linux-x86_64-debian-gcc 1.8-3.4 177.67 105.04 282.71 NOTE
r-devel-linux-x86_64-fedora-clang 1.8-3.4 519.20 NOTE
r-devel-linux-x86_64-fedora-gcc 1.8-3.4 479.87 NOTE
r-devel-windows-ix86+x86_64 1.8-3.4 524.00 257.00 781.00 NOTE
r-patched-linux-x86_64 1.8-3.4 214.01 116.53 330.54 OK
r-patched-solaris-x86 1.8-3.4 429.50 OK
r-release-linux-x86_64 1.8-3.4 213.46 118.92 332.38 OK
r-release-windows-ix86+x86_64 1.8-3.4 525.00 156.00 681.00 OK
r-release-osx-x86_64 1.8-3.4 NOTE
r-oldrel-windows-ix86+x86_64 1.8-3.4 453.00 209.00 662.00 ERROR
r-oldrel-osx-x86_64 1.8-3.4 NOTE

Check Details

Version: 1.8-3.4
Check: line endings in C/C++/Fortran sources/headers
Result: NOTE
    Found the following sources/headers with CR or CRLF line endings:
     inst/include/gRbase.h
     inst/include/gRbase_typedefs.h
    Some Unix compilers require LF line endings.
Flavors: r-devel-linux-x86_64-debian-clang, r-devel-linux-x86_64-debian-gcc, r-devel-linux-x86_64-fedora-clang, r-devel-linux-x86_64-fedora-gcc, r-devel-windows-ix86+x86_64

Version: 1.8-3.4
Check: installed package size
Result: NOTE
     installed size is 14.3Mb
     sub-directories of 1Mb or more:
     libs 12.3Mb
Flavors: r-devel-linux-x86_64-fedora-clang, r-release-osx-x86_64, r-oldrel-osx-x86_64

Version: 1.8-3.4
Check: running examples for arch ‘i386’
Result: ERROR
    Running examples in 'gRbase-Ex.R' failed
    The error most likely occurred in:
    
    > ### Name: graph-create
    > ### Title: Create undirected and directed graphs
    > ### Aliases: dag dagList dagList2dgCMatrix dagList2matrix graph-create ug
    > ### ugList ugList2dgCMatrix ugList2matrix
    > ### Keywords: utilities
    >
    > ### ** Examples
    >
    >
    > ## The following specifications of undirected graphs are equivalent:
    > uG1 <- ug(~ a:b:c + c:d)
    > uG2 <- ug(c("a","b","c"), c("c","d"))
    > uG3 <- ug(c("a","b"), c("a","c"), c("b","c"), c("c","d"))
    >
    > graph::edges(uG1)
    $a
    [1] "b" "c"
    
    $b
    [1] "c" "a"
    
    $c
    [1] "d" "a" "b"
    
    $d
    [1] "c"
    
    > graph::nodes(uG1)
    [1] "a" "b" "c" "d"
    >
    > ## The following specifications of directed acyclig graphs are equivalent:
    > daG1 <- dag(~ a:b:c + b:c + c:d)
    > daG2 <- dag(c("a","b","c"), c("b","c"), c("c","d"))
    >
    > graph::edges(daG1)
    $a
    character(0)
    
    $b
    [1] "a"
    
    $c
    [1] "a" "b"
    
    $d
    [1] "c"
    
    > graph::nodes(daG2)
    [1] "a" "b" "c" "d"
    >
    > ## dag() allows to specify directed graphs with cycles:
    > daG4 <- dag(~ a:b + b:c + c:a) # A directed graph but with cycles
    > ## A check for acyclicity can be done with
    > ## daG5 <- dag(~ a:b + b:c + c:a, forceCheck=TRUE)
    >
    > ## A check for acyclicity is provided by topoSort
    > topoSort( daG2 )
    [1] "d" "c" "b" "a"
    > topoSort( daG4 )
    character(0)
    >
    > ## Different representations
    > uG6 <- ug(~a:b:c + c:d, result="graphNEL") # default
    > uG6
    A graphNEL graph with undirected edges
    Number of Nodes = 4
    Number of Edges = 4
    > uG7 <- ug(~a:b:c + c:d, result="NEL") # same
    > uG7
    A graphNEL graph with undirected edges
    Number of Nodes = 4
    Number of Edges = 4
    > uG8 <- ug(~a:b:c + c:d, result="matrix") # dense matrix
    > uG8
     a b c d
    a 0 1 1 0
    b 1 0 1 0
    c 1 1 0 1
    d 0 0 1 0
    > uG9 <- ug(~a:b:c + c:d, result="dgCMatrix") # sparse matrix
    > uG9
    4 x 4 sparse Matrix of class "dgCMatrix"
    Error in isFALSE(suppRows) : could not find function "isFALSE"
    Calls: <Anonymous> -> <Anonymous> -> printSpMatrix2
    Execution halted
Flavor: r-oldrel-windows-ix86+x86_64

Version: 1.8-3.4
Check: running examples for arch ‘x64’
Result: ERROR
    Running examples in 'gRbase-Ex.R' failed
    The error most likely occurred in:
    
    > ### Name: graph-create
    > ### Title: Create undirected and directed graphs
    > ### Aliases: dag dagList dagList2dgCMatrix dagList2matrix graph-create ug
    > ### ugList ugList2dgCMatrix ugList2matrix
    > ### Keywords: utilities
    >
    > ### ** Examples
    >
    >
    > ## The following specifications of undirected graphs are equivalent:
    > uG1 <- ug(~ a:b:c + c:d)
    > uG2 <- ug(c("a","b","c"), c("c","d"))
    > uG3 <- ug(c("a","b"), c("a","c"), c("b","c"), c("c","d"))
    >
    > graph::edges(uG1)
    $a
    [1] "b" "c"
    
    $b
    [1] "c" "a"
    
    $c
    [1] "d" "a" "b"
    
    $d
    [1] "c"
    
    > graph::nodes(uG1)
    [1] "a" "b" "c" "d"
    >
    > ## The following specifications of directed acyclig graphs are equivalent:
    > daG1 <- dag(~ a:b:c + b:c + c:d)
    > daG2 <- dag(c("a","b","c"), c("b","c"), c("c","d"))
    >
    > graph::edges(daG1)
    $a
    character(0)
    
    $b
    [1] "a"
    
    $c
    [1] "a" "b"
    
    $d
    [1] "c"
    
    > graph::nodes(daG2)
    [1] "a" "b" "c" "d"
    >
    > ## dag() allows to specify directed graphs with cycles:
    > daG4 <- dag(~ a:b + b:c + c:a) # A directed graph but with cycles
    > ## A check for acyclicity can be done with
    > ## daG5 <- dag(~ a:b + b:c + c:a, forceCheck=TRUE)
    >
    > ## A check for acyclicity is provided by topoSort
    > topoSort( daG2 )
    [1] "d" "c" "b" "a"
    > topoSort( daG4 )
    character(0)
    >
    > ## Different representations
    > uG6 <- ug(~a:b:c + c:d, result="graphNEL") # default
    > uG6
    A graphNEL graph with undirected edges
    Number of Nodes = 4
    Number of Edges = 4
    > uG7 <- ug(~a:b:c + c:d, result="NEL") # same
    > uG7
    A graphNEL graph with undirected edges
    Number of Nodes = 4
    Number of Edges = 4
    > uG8 <- ug(~a:b:c + c:d, result="matrix") # dense matrix
    > uG8
     a b c d
    a 0 1 1 0
    b 1 0 1 0
    c 1 1 0 1
    d 0 0 1 0
    > uG9 <- ug(~a:b:c + c:d, result="dgCMatrix") # sparse matrix
    > uG9
    4 x 4 sparse Matrix of class "dgCMatrix"
    Error in isFALSE(suppRows) : could not find function "isFALSE"
    Calls: <Anonymous> -> <Anonymous> -> printSpMatrix2
    Execution halted
Flavor: r-oldrel-windows-ix86+x86_64

Version: 1.8-3.4
Check: re-building of vignette outputs
Result: WARN
    Error in re-building vignettes:
     ...
    Quitting from lines 458-459 (gRbase-graphs.Rnw)
    Error: processing vignette 'gRbase-graphs.Rnw' failed with diagnostics:
    could not find function "isFALSE"
    Execution halted
Flavor: r-oldrel-windows-ix86+x86_64