CRAN Package Check Results for Package gRc

Last updated on 2021-05-16 19:49:35 CEST.

Flavor Version Tinstall Tcheck Ttotal Status Flags
r-devel-linux-x86_64-debian-clang 0.4.4 40.72 97.18 137.90 OK
r-devel-linux-x86_64-debian-gcc 0.4.4 27.37 75.43 102.80 OK
r-devel-linux-x86_64-fedora-clang 0.4.4 178.52 OK
r-devel-linux-x86_64-fedora-gcc 0.4.4 163.58 OK
r-devel-windows-ix86+x86_64 0.4.4 98.00 159.00 257.00 OK
r-devel-windows-x86_64-gcc10-UCRT 0.4.4 ERROR
r-patched-linux-x86_64 0.4.4 35.47 93.74 129.21 OK
r-patched-solaris-x86 0.4.4 208.10 OK
r-release-linux-x86_64 0.4.4 33.89 89.22 123.11 OK
r-release-macos-x86_64 0.4.4 OK
r-release-windows-ix86+x86_64 0.4.4 68.00 132.00 200.00 OK
r-oldrel-macos-x86_64 0.4.4 OK
r-oldrel-windows-ix86+x86_64 0.4.4 54.00 158.00 212.00 OK

Check Details

Version: 0.4.4
Check: package dependencies
Result: ERROR
    Package required but not available: 'gRbase'
    
    Package suggested but not available for checking: 'Rgraphviz'
    
    See section 'The DESCRIPTION file' in the 'Writing R Extensions'
    manual.
Flavor: r-devel-windows-x86_64-gcc10-UCRT