CRAN Package Check Results for Package gRim

Last updated on 2023-06-07 21:01:21 CEST.

Flavor Version Tinstall Tcheck Ttotal Status Flags
r-devel-linux-x86_64-debian-clang 0.2.10 75.04 172.34 247.38 OK
r-devel-linux-x86_64-debian-gcc 0.2.10 60.54 127.96 188.50 OK
r-devel-linux-x86_64-fedora-clang 0.2.10 326.99 OK
r-devel-linux-x86_64-fedora-gcc 0.2.10 324.81 OK
r-devel-windows-x86_64 0.2.10 63.00 168.00 231.00 OK
r-patched-linux-x86_64 0.2.10 64.52 158.54 223.06 OK
r-release-linux-x86_64 0.2.10 48.09 159.11 207.20 OK
r-release-macos-arm64 0.2.10 94.00 OK
r-release-macos-x86_64 0.2.10 139.00 NOTE
r-release-windows-x86_64 0.2.10 82.00 208.00 290.00 OK
r-oldrel-macos-arm64 0.2.10 77.00 OK
r-oldrel-macos-x86_64 0.2.10 105.00 OK
r-oldrel-windows-x86_64 0.2.10 78.00 199.00 277.00 OK

Check Details

Version: 0.2.10
Check: re-building of vignette outputs
Result: NOTE
    Error(s) in re-building vignettes:
    --- re-building ‘grim.Rnw’ using Sweave
    Loading required package: gRbase
    Warning in dir.create("figures") : 'figures' already exists
    Loading required package: graph
    Loading required package: BiocGenerics
    
    Attaching package: ‘BiocGenerics’
    
    The following objects are masked from ‘package:stats’:
    
     IQR, mad, sd, var, xtabs
    
    The following objects are masked from ‘package:base’:
    
     Filter, Find, Map, Position, Reduce, anyDuplicated, aperm, append,
     as.data.frame, basename, cbind, colnames, dirname, do.call, duplicated,
     eval, evalq, get, grep, grepl, intersect, is.unsorted, lapply, mapply,
     match, mget, order, paste, pmax, pmax.int, pmin, pmin.int, rank, rbind,
     rownames, sapply, setdiff, sort, table, tapply, union, unique, unsplit,
     which.max, which.min
    
    Loading required package: grid
    as(<ddiMatrix>, "dgCMatrix") is deprecated since Matrix 1.5-0; do as(as(., "generalMatrix"), "CsparseMatrix") instead
    Error: processing vignette 'grim.Rnw' failed with diagnostics:
    Running 'texi2dvi' on 'grim.tex' failed.
    LaTeX errors:
    ! LaTeX Error: File `boxedminipage.sty' not found.
    
    Type X to quit or <RETURN> to proceed,
    or enter new name. (Default extension: sty)
    
    ! Emergency stop.
    <read *>
    
    l.20 \usepackage
     {shortvrb}^^M
    ! ==> Fatal error occurred, no output PDF file produced!
    --- failed re-building ‘grim.Rnw’
    
    SUMMARY: processing the following file failed:
     ‘grim.Rnw’
    
    Error: Vignette re-building failed.
    Execution halted
Flavor: r-release-macos-x86_64