CRAN Package Check Results for Package gTests

Last updated on 2019-03-23 19:50:27 CET.

Flavor Version Tinstall Tcheck Ttotal Status Flags
r-devel-linux-x86_64-debian-clang 0.2 3.13 27.49 30.62 OK
r-devel-linux-x86_64-debian-gcc 0.2 2.49 22.26 24.75 OK
r-devel-linux-x86_64-fedora-clang 0.2 36.52 OK
r-devel-linux-x86_64-fedora-gcc 0.2 34.45 OK
r-devel-windows-ix86+x86_64 0.2 10.00 39.00 49.00 OK
r-patched-linux-x86_64 0.2 2.10 24.56 26.66 OK
r-patched-solaris-x86 0.2 49.70 OK
r-release-linux-x86_64 0.2 0.41 2.05 2.46 ERROR
r-release-windows-ix86+x86_64 0.2 4.00 37.00 41.00 OK
r-release-osx-x86_64 0.2 OK
r-oldrel-windows-ix86+x86_64 0.2 4.00 51.00 55.00 OK
r-oldrel-osx-x86_64 0.2 OK

Check Details

Version: 0.2
Check: whether package can be installed
Result: ERROR
    Installation failed.
Flavor: r-release-linux-x86_64