CRAN Package Check Results for Package gWQSRS

Last updated on 2020-03-28 22:47:37 CET.

Flavor Version Tinstall Tcheck Ttotal Status Flags
r-devel-linux-x86_64-debian-clang 1.1.1 OK
r-devel-linux-x86_64-debian-gcc 1.1.1 7.05 51.17 58.22 OK
r-devel-linux-x86_64-fedora-clang 1.1.1 92.33 NOTE
r-devel-linux-x86_64-fedora-gcc 1.1.1 86.55 NOTE
r-devel-windows-ix86+x86_64 1.1.1 24.00 78.00 102.00 OK
r-devel-windows-ix86+x86_64-gcc8 1.1.1 26.00 91.00 117.00 OK
r-patched-linux-x86_64 1.1.1 5.06 63.80 68.86 OK
r-patched-solaris-x86 1.1.1 138.70 NOTE
r-release-linux-x86_64 1.1.1 8.06 59.66 67.72 OK
r-release-windows-ix86+x86_64 1.1.1 34.00 120.00 154.00 OK
r-release-osx-x86_64 1.1.1 NOTE
r-oldrel-windows-ix86+x86_64 1.1.1 32.00 136.00 168.00 OK
r-oldrel-osx-x86_64 1.1.1 NOTE

Check Details

Version: 1.1.1
Check: dependencies in R code
Result: NOTE
    Namespaces in Imports field not imported from:
     ‘broom’ ‘dplyr’ ‘ggrepel’ ‘kableExtra’ ‘knitr’ ‘nnet’ ‘plotROC’
     All declared Imports should be used.
Flavors: r-devel-linux-x86_64-fedora-clang, r-devel-linux-x86_64-fedora-gcc, r-patched-solaris-x86, r-release-osx-x86_64, r-oldrel-osx-x86_64