CRAN Package Check Results for Package gWQSRS

Last updated on 2019-10-20 08:47:19 CEST.

Flavor Version Tinstall Tcheck Ttotal Status Flags
r-devel-linux-x86_64-debian-clang 1.0.0 6.21 59.20 65.41 OK
r-devel-linux-x86_64-debian-gcc 1.0.0 6.54 45.36 51.90 OK
r-devel-linux-x86_64-fedora-clang 1.0.0 78.54 NOTE
r-devel-linux-x86_64-fedora-gcc 1.0.0 76.57 NOTE
r-devel-windows-ix86+x86_64 1.0.0 22.00 71.00 93.00 OK
r-patched-linux-x86_64 1.0.0 6.71 57.27 63.98 OK
r-patched-solaris-x86 1.0.0 116.00 NOTE
r-release-linux-x86_64 1.0.0 6.04 58.22 64.26 OK
r-release-windows-ix86+x86_64 1.0.0 31.00 73.00 104.00 OK
r-release-osx-x86_64 1.0.0 NOTE
r-oldrel-windows-ix86+x86_64 1.0.0 11.00 69.00 80.00 OK
r-oldrel-osx-x86_64 1.0.0 NOTE

Check Details

Version: 1.0.0
Check: dependencies in R code
Result: NOTE
    Namespaces in Imports field not imported from:
     ‘broom’ ‘dplyr’ ‘ggrepel’ ‘kableExtra’ ‘knitr’ ‘nnet’ ‘plotROC’
     All declared Imports should be used.
Flavors: r-devel-linux-x86_64-fedora-clang, r-devel-linux-x86_64-fedora-gcc, r-patched-solaris-x86, r-release-osx-x86_64, r-oldrel-osx-x86_64