CRAN Package Check Results for Package gWidgets2RGtk2

Last updated on 2019-05-27 05:47:37 CEST.

Flavor Version Tinstall Tcheck Ttotal Status Flags
r-devel-linux-x86_64-debian-clang 1.0-7 21.58 105.95 127.53 OK
r-devel-linux-x86_64-debian-gcc 1.0-7 17.44 81.29 98.73 OK
r-devel-linux-x86_64-fedora-clang 1.0-7 146.56 OK
r-devel-linux-x86_64-fedora-gcc 1.0-7 144.19 OK
r-devel-windows-ix86+x86_64 1.0-7 29.00 108.00 137.00 OK
r-patched-linux-x86_64 1.0-7 OK
r-patched-solaris-x86 1.0-7 214.20 OK
r-release-linux-x86_64 1.0-7 20.60 105.42 126.02 OK
r-release-windows-ix86+x86_64 1.0-7 39.00 82.00 121.00 OK
r-release-osx-x86_64 1.0-7 ERROR
r-oldrel-windows-ix86+x86_64 1.0-7 68.00 92.00 160.00 OK
r-oldrel-osx-x86_64 1.0-7 ERROR

Check Details

Version: 1.0-7
Check: package dependencies
Result: ERROR
    Package required but not available: ‘RGtk2’
    
    Package suggested but not available for checking: ‘cairoDevice’
    
    See section ‘The DESCRIPTION file’ in the ‘Writing R Extensions’
    manual.
Flavors: r-release-osx-x86_64, r-oldrel-osx-x86_64