CRAN Package Check Results for Package gWidgetsRGtk2

Last updated on 2018-10-17 09:49:08 CEST.

Flavor Version Tinstall Tcheck Ttotal Status Flags
r-devel-linux-x86_64-debian-clang 0.0-86 30.00 83.18 113.18 OK
r-devel-linux-x86_64-debian-gcc 0.0-86 31.00 68.45 99.45 OK
r-devel-linux-x86_64-fedora-clang 0.0-86 148.22 OK
r-devel-linux-x86_64-fedora-gcc 0.0-86 147.01 OK
r-devel-windows-ix86+x86_64 0.0-86 65.00 118.00 183.00 OK
r-patched-linux-x86_64 0.0-86 35.49 76.01 111.50 OK
r-patched-solaris-x86 0.0-86 199.10 OK
r-release-linux-x86_64 0.0-86 31.79 77.26 109.05 OK
r-release-windows-ix86+x86_64 0.0-86 51.00 112.00 163.00 OK
r-release-osx-x86_64 0.0-86 ERROR
r-oldrel-windows-ix86+x86_64 0.0-86 27.00 86.00 113.00 OK
r-oldrel-osx-x86_64 0.0-86 ERROR

Check Details

Version: 0.0-86
Check: package dependencies
Result: ERROR
    Packages required but not available: ‘RGtk2’ ‘cairoDevice’
    
    Package which this enhances but not available for checking: ‘RGtk2Extras’
    
    See section ‘The DESCRIPTION file’ in the ‘Writing R Extensions’
    manual.
Flavors: r-release-osx-x86_64, r-oldrel-osx-x86_64