CRAN Package Check Results for Package gWidgetsRGtk2

Last updated on 2018-01-19 02:49:13 CET.

Flavor Version Tinstall Tcheck Ttotal Status Flags
r-devel-linux-x86_64-debian-clang 0.0-85 8.28 74.84 83.12 OK
r-devel-linux-x86_64-debian-gcc 0.0-85 8.49 60.50 68.99 OK
r-devel-linux-x86_64-fedora-clang 0.0-85 113.26 OK
r-devel-linux-x86_64-fedora-gcc 0.0-85 98.17 OK
r-devel-windows-ix86+x86_64 0.0-85 23.00 109.00 132.00 OK
r-patched-linux-x86_64 0.0-85 9.42 82.47 91.89 OK
r-patched-solaris-x86 0.0-85 154.30 OK
r-release-linux-x86_64 0.0-85 8.92 81.39 90.31 OK
r-release-windows-ix86+x86_64 0.0-85 15.00 78.00 93.00 OK
r-release-osx-x86_64 0.0-85 ERROR
r-oldrel-windows-ix86+x86_64 0.0-85 20.00 104.00 124.00 OK
r-oldrel-osx-x86_64 0.0-85 OK

Check Details

Version: 0.0-85
Check: package dependencies
Result: ERROR
    Packages required but not available: ‘RGtk2’ ‘cairoDevice’
    
    Package which this enhances but not available for checking: ‘RGtk2Extras’
    
    See section ‘The DESCRIPTION file’ in the ‘Writing R Extensions’
    manual.
Flavor: r-release-osx-x86_64