CRAN Package Check Results for Package gWidgetsRGtk2

Last updated on 2018-04-20 23:50:15 CEST.

Flavor Version Tinstall Tcheck Ttotal Status Flags
r-devel-linux-x86_64-debian-clang 0.0-86 34.13 81.14 115.27 OK
r-devel-linux-x86_64-debian-gcc 0.0-86 37.22 61.11 98.33 OK
r-devel-linux-x86_64-fedora-clang 0.0-86 147.22 OK
r-devel-linux-x86_64-fedora-gcc 0.0-86 144.58 OK
r-devel-windows-ix86+x86_64 0.0-86 66.00 108.00 174.00 OK
r-devel-osx-x86_64 0.0-86 ERROR
r-patched-linux-x86_64 0.0-86 38.82 79.57 118.39 OK
r-patched-solaris-x86 0.0-86 201.60 OK
r-release-linux-x86_64 0.0-86 9.31 80.69 90.00 OK
r-release-windows-ix86+x86_64 0.0-86 19.00 109.00 128.00 OK
r-release-osx-x86_64 0.0-86 ERROR
r-oldrel-windows-ix86+x86_64 0.0-86 21.00 93.00 114.00 OK

Check Details

Version: 0.0-86
Check: package dependencies
Result: ERROR
    Packages required but not available: ‘RGtk2’ ‘cairoDevice’
    
    Package which this enhances but not available for checking: ‘RGtk2Extras’
    
    See section ‘The DESCRIPTION file’ in the ‘Writing R Extensions’
    manual.
Flavors: r-devel-osx-x86_64, r-release-osx-x86_64