CRAN Package Check Results for Package gWidgetsRGtk2

Last updated on 2019-01-18 00:46:33 CET.

Flavor Version Tinstall Tcheck Ttotal Status Flags
r-devel-linux-x86_64-debian-clang 0.0-86 37.77 82.87 120.64 OK
r-devel-linux-x86_64-debian-gcc 0.0-86 30.01 65.58 95.59 OK
r-devel-linux-x86_64-fedora-clang 0.0-86 147.51 OK
r-devel-linux-x86_64-fedora-gcc 0.0-86 138.24 OK
r-devel-windows-ix86+x86_64 0.0-86 62.00 108.00 170.00 OK
r-patched-linux-x86_64 0.0-86 28.53 77.21 105.74 OK
r-patched-solaris-x86 0.0-86 202.50 OK
r-release-linux-x86_64 0.0-86 32.83 77.90 110.73 OK
r-release-windows-ix86+x86_64 0.0-86 64.00 110.00 174.00 OK
r-release-osx-x86_64 0.0-86 ERROR
r-oldrel-windows-ix86+x86_64 0.0-86 23.00 118.00 141.00 OK
r-oldrel-osx-x86_64 0.0-86 ERROR

Check Details

Version: 0.0-86
Check: package dependencies
Result: ERROR
    Packages required but not available: ‘RGtk2’ ‘cairoDevice’
    
    Package which this enhances but not available for checking: ‘RGtk2Extras’
    
    See section ‘The DESCRIPTION file’ in the ‘Writing R Extensions’
    manual.
Flavors: r-release-osx-x86_64, r-oldrel-osx-x86_64