CRAN Package Check Results for Package gWidgetstcltk

Last updated on 2019-01-22 11:52:12 CET.

Flavor Version Tinstall Tcheck Ttotal Status Flags
r-devel-linux-x86_64-debian-clang 0.0-55 34.09 77.27 111.36 NOTE
r-devel-linux-x86_64-debian-gcc 0.0-55 24.12 59.62 83.74 NOTE
r-devel-linux-x86_64-fedora-clang 0.0-55 130.72 NOTE
r-devel-linux-x86_64-fedora-gcc 0.0-55 124.95 NOTE
r-devel-windows-ix86+x86_64 0.0-55 44.00 106.00 150.00 NOTE
r-patched-linux-x86_64 0.0-55 30.93 67.70 98.63 NOTE
r-patched-solaris-x86 0.0-55 173.20 NOTE
r-release-linux-x86_64 0.0-55 31.37 68.26 99.63 NOTE
r-release-windows-ix86+x86_64 0.0-55 38.00 105.00 143.00 NOTE
r-release-osx-x86_64 0.0-55 NOTE
r-oldrel-windows-ix86+x86_64 0.0-55 18.00 75.00 93.00 NOTE
r-oldrel-osx-x86_64 0.0-55 NOTE

Check Details

Version: 0.0-55
Check: R code for possible problems
Result: NOTE
    browseDataAsCSV: no visible global function definition for ‘write.csv’
    browseDataAsCSV: no visible global function definition for ‘browseURL’
    tcltkDialog: no visible global function definition for ‘runif’
    tl_get_column_name: no visible global function definition for ‘tail’
    .add,gTexttcltk-guiWidgetsToolkittcltk-character: no visible global
     function definition for ‘rnorm’
    .font<-,gTexttcltk-guiWidgetsToolkittcltk: no visible global function
     definition for ‘rnorm’
    .font<-,tcltkObject-guiWidgetsToolkittcltk: no visible global function
     definition for ‘rnorm’
    .gdf,guiWidgetsToolkittcltk: no visible global function definition for
     ‘head’
    .visible<-,gGraphicstcltk-guiWidgetsToolkittcltk-ANY: no visible global
     function definition for ‘dev.set’
    Undefined global functions or variables:
     browseURL dev.set head rnorm runif tail write.csv
    Consider adding
     importFrom("grDevices", "dev.set")
     importFrom("stats", "rnorm", "runif")
     importFrom("utils", "browseURL", "head", "tail", "write.csv")
    to your NAMESPACE file.
Flavors: r-devel-linux-x86_64-debian-clang, r-devel-linux-x86_64-debian-gcc, r-devel-linux-x86_64-fedora-clang, r-devel-linux-x86_64-fedora-gcc, r-devel-windows-ix86+x86_64, r-patched-linux-x86_64, r-patched-solaris-x86, r-release-linux-x86_64, r-release-windows-ix86+x86_64, r-release-osx-x86_64, r-oldrel-windows-ix86+x86_64, r-oldrel-osx-x86_64