Last updated on 2023-06-05 11:02:21 CEST.
Flavor | Version | Tinstall | Tcheck | Ttotal | Status | Flags |
---|---|---|---|---|---|---|
r-devel-linux-x86_64-debian-clang | 0.9-0 | 8.59 | 153.67 | 162.26 | OK | |
r-devel-linux-x86_64-debian-gcc | 0.9-0 | 7.82 | 113.68 | 121.50 | OK | |
r-devel-linux-x86_64-fedora-clang | 0.9-0 | 198.87 | NOTE | |||
r-devel-linux-x86_64-fedora-gcc | 0.9-0 | 199.98 | OK | |||
r-devel-windows-x86_64 | 0.9-0 | 10.00 | 135.00 | 145.00 | OK | |
r-patched-linux-x86_64 | 0.9-0 | 12.43 | 144.12 | 156.55 | OK | |
r-release-linux-x86_64 | 0.9-0 | 8.23 | 144.75 | 152.98 | OK | |
r-release-macos-arm64 | 0.9-0 | 62.00 | OK | |||
r-release-macos-x86_64 | 0.8-4 | 103.00 | OK | |||
r-release-windows-x86_64 | 0.9-0 | 11.00 | 169.00 | 180.00 | OK | |
r-oldrel-macos-arm64 | 0.9-0 | 59.00 | OK | |||
r-oldrel-macos-x86_64 | 0.9-0 | 75.00 | OK | |||
r-oldrel-windows-x86_64 | 0.9-0 | 12.00 | 167.00 | 179.00 | OK |
Version: 0.9-0
Check: Rd cross-references
Result: NOTE
Undeclared package ‘mfdb’ in Rd xrefs
Flavor: r-devel-linux-x86_64-fedora-clang