CRAN Package Check Results for Package galah

Last updated on 2021-10-23 01:49:00 CEST.

Flavor Version Tinstall Tcheck Ttotal Status Flags
r-devel-linux-x86_64-debian-clang 1.3.1 10.74 142.42 153.16 OK
r-devel-linux-x86_64-debian-gcc 1.3.1 8.19 107.32 115.51 OK
r-devel-linux-x86_64-fedora-clang 1.3.1 189.01 OK
r-devel-linux-x86_64-fedora-gcc 1.3.1 176.57 OK
r-devel-windows-x86_64 1.3.1 14.00 197.00 211.00 OK
r-devel-windows-x86_64-gcc10-UCRT 1.3.1 NOTE
r-patched-linux-x86_64 1.3.1 9.21 138.51 147.72 OK
r-patched-solaris-x86 1.3.1 258.70 OK
r-release-linux-x86_64 1.3.1 8.70 138.24 146.94 OK
r-release-macos-arm64 1.3.1 OK
r-release-macos-x86_64 1.3.1 OK
r-release-windows-ix86+x86_64 1.3.1 14.00 194.00 208.00 OK
r-oldrel-macos-x86_64 1.3.1 OK
r-oldrel-windows-ix86+x86_64 1.3.1 21.00 194.00 215.00 OK

Check Details

Version: 1.3.1
Check: package dependencies
Result: NOTE
    Package suggested but not available for checking: 'taxize'
Flavor: r-devel-windows-x86_64-gcc10-UCRT