CRAN Package Check Results for Package galigor

Last updated on 2021-10-24 00:50:58 CEST.

Flavor Version Tinstall Tcheck Ttotal Status Flags
r-devel-linux-x86_64-debian-clang 0.2.5 7.11 63.24 70.35 OK
r-devel-linux-x86_64-debian-gcc 0.2.5 5.61 48.01 53.62 OK
r-devel-linux-x86_64-fedora-clang 0.2.5 96.81 NOTE
r-devel-linux-x86_64-fedora-gcc 0.2.5 82.04 NOTE
r-devel-windows-x86_64 0.2.5 11.00 86.00 97.00 OK
r-devel-windows-x86_64-gcc10-UCRT 0.2.5 NOTE
r-patched-linux-x86_64 0.2.5 7.31 59.89 67.20 OK
r-patched-solaris-x86 0.2.5 117.70 NOTE
r-release-linux-x86_64 0.2.5 6.75 59.23 65.98 OK
r-release-macos-arm64 0.2.5 NOTE
r-release-macos-x86_64 0.2.5 NOTE
r-release-windows-ix86+x86_64 0.2.5 13.00 80.00 93.00 OK
r-oldrel-macos-x86_64 0.2.5 NOTE
r-oldrel-windows-ix86+x86_64 0.2.5 20.00 84.00 104.00 OK

Check Details

Version: 0.2.5
Check: dependencies in R code
Result: NOTE
    Namespaces in Imports field not imported from:
     ‘gargle’ ‘getProxy’ ‘rappsflyer’ ‘rfacebookstat’ ‘rgoogleads’
     ‘rmytarget’ ‘rvkstat’ ‘ryandexdirect’ ‘rym’ ‘tidyr’
     All declared Imports should be used.
Flavors: r-devel-linux-x86_64-fedora-clang, r-devel-linux-x86_64-fedora-gcc, r-devel-windows-x86_64-gcc10-UCRT, r-patched-solaris-x86, r-release-macos-arm64, r-release-macos-x86_64, r-oldrel-macos-x86_64