CRAN Package Check Results for Package gamboostMSM

Last updated on 2024-07-24 16:53:48 CEST.

Flavor Version Tinstall Tcheck Ttotal Status Flags
r-devel-linux-x86_64-debian-clang 1.1.88 8.02 68.59 76.61 OK
r-devel-linux-x86_64-debian-gcc 1.1.88 5.92 52.19 58.11 NOTE
r-devel-linux-x86_64-fedora-clang 1.1.88 101.03 OK
r-devel-linux-x86_64-fedora-gcc 1.1.88 90.53 OK
r-devel-windows-x86_64 1.1.88 8.00 68.00 76.00 NOTE
r-patched-linux-x86_64 1.1.88 9.14 66.94 76.08 OK
r-release-linux-x86_64 1.1.88 7.51 64.45 71.96 OK
r-release-macos-arm64 1.1.88 33.00 OK
r-release-macos-x86_64 1.1.88 52.00 OK
r-release-windows-x86_64 1.1.88 7.00 66.00 73.00 OK
r-oldrel-macos-arm64 1.1.88 32.00 OK
r-oldrel-macos-x86_64 1.1.88 51.00 OK
r-oldrel-windows-x86_64 1.1.88 12.00 81.00 93.00 OK

Check Details

Version: 1.1.88
Check: Rd cross-references
Result: NOTE Found the following Rd file(s) with Rd \link{} targets missing package anchors: gamboostMSM-package.Rd: mboost Please provide package anchors for all Rd \link{} targets not in the package itself and the base packages. Flavors: r-devel-linux-x86_64-debian-gcc, r-devel-windows-x86_64