CRAN Package Check Results for Package gamesGA

Last updated on 2023-06-06 17:58:40 CEST.

Flavor Version Tinstall Tcheck Ttotal Status Flags
r-devel-linux-x86_64-debian-clang 1.1.3.7 5.27 43.60 48.87 NOTE
r-devel-linux-x86_64-debian-gcc 1.1.3.7 3.93 34.89 38.82 NOTE
r-devel-linux-x86_64-fedora-clang 1.1.3.7 61.50 NOTE
r-devel-linux-x86_64-fedora-gcc 1.1.3.7 60.22 NOTE
r-devel-windows-x86_64 1.1.3.7 10.00 58.00 68.00 NOTE
r-patched-linux-x86_64 1.1.3.7 4.35 44.75 49.10 NOTE
r-release-linux-x86_64 1.1.3.7 3.92 44.20 48.12 NOTE
r-release-macos-arm64 1.1.3.7 25.00 NOTE
r-release-macos-x86_64 1.1.3.7 35.00 NOTE
r-release-windows-x86_64 1.1.3.7 10.00 63.00 73.00 NOTE
r-oldrel-macos-arm64 1.1.3.7 23.00 NOTE
r-oldrel-macos-x86_64 1.1.3.7 42.00 NOTE
r-oldrel-windows-x86_64 1.1.3.7 9.00 69.00 78.00 NOTE

Check Details

Version: 1.1.3.7
Check: LazyData
Result: NOTE
     'LazyData' is specified without a 'data' directory
Flavors: r-devel-linux-x86_64-debian-clang, r-devel-linux-x86_64-debian-gcc, r-devel-linux-x86_64-fedora-clang, r-devel-linux-x86_64-fedora-gcc, r-devel-windows-x86_64, r-patched-linux-x86_64, r-release-linux-x86_64, r-release-macos-arm64, r-release-macos-x86_64, r-release-windows-x86_64, r-oldrel-macos-arm64, r-oldrel-macos-x86_64, r-oldrel-windows-x86_64

Version: 1.1.3.7
Check: dependencies in R code
Result: NOTE
    Namespace in Imports field not imported from: ‘grDevices’
     All declared Imports should be used.
Flavors: r-devel-linux-x86_64-fedora-clang, r-devel-linux-x86_64-fedora-gcc, r-oldrel-macos-arm64, r-oldrel-macos-x86_64