CRAN Package Check Results for Package gamesGA

Last updated on 2021-10-28 03:50:46 CEST.

Flavor Version Tinstall Tcheck Ttotal Status Flags
r-devel-linux-x86_64-debian-clang 1.1.3.7 4.03 39.72 43.75 NOTE
r-devel-linux-x86_64-debian-gcc 1.1.3.7 3.61 32.05 35.66 NOTE
r-devel-linux-x86_64-fedora-clang 1.1.3.7 64.12 NOTE
r-devel-linux-x86_64-fedora-gcc 1.1.3.7 55.22 NOTE
r-devel-windows-x86_64 1.1.3.7 9.00 66.00 75.00 NOTE
r-devel-windows-x86_64-gcc10-UCRT 1.1.3.7 NOTE
r-patched-linux-x86_64 1.1.3.7 4.54 40.38 44.92 NOTE
r-patched-solaris-x86 1.1.3.7 84.50 NOTE
r-release-linux-x86_64 1.1.3.7 4.22 40.19 44.41 NOTE
r-release-macos-arm64 1.1.3.7 NOTE
r-release-macos-x86_64 1.1.3.7 NOTE
r-release-windows-ix86+x86_64 1.1.3.7 11.00 82.00 93.00 NOTE
r-oldrel-macos-x86_64 1.1.3.7 NOTE
r-oldrel-windows-ix86+x86_64 1.1.3.7 11.00 88.00 99.00 OK

Check Details

Version: 1.1.3.7
Check: LazyData
Result: NOTE
     'LazyData' is specified without a 'data' directory
Flavors: r-devel-linux-x86_64-debian-clang, r-devel-linux-x86_64-debian-gcc, r-devel-linux-x86_64-fedora-clang, r-devel-linux-x86_64-fedora-gcc, r-devel-windows-x86_64, r-devel-windows-x86_64-gcc10-UCRT, r-patched-linux-x86_64, r-patched-solaris-x86, r-release-linux-x86_64, r-release-macos-arm64, r-release-macos-x86_64, r-release-windows-ix86+x86_64

Version: 1.1.3.7
Check: dependencies in R code
Result: NOTE
    Namespace in Imports field not imported from: ‘grDevices’
     All declared Imports should be used.
Flavors: r-devel-linux-x86_64-fedora-clang, r-devel-linux-x86_64-fedora-gcc, r-devel-windows-x86_64-gcc10-UCRT, r-patched-solaris-x86, r-release-macos-arm64, r-release-macos-x86_64, r-oldrel-macos-x86_64