CRAN Package Check Results for Package gamlss.cens

Last updated on 2020-10-01 03:48:36 CEST.

Flavor Version Tinstall Tcheck Ttotal Status Flags
r-devel-linux-x86_64-debian-clang 5.0-1 7.67 73.38 81.05 OK
r-devel-linux-x86_64-debian-gcc 5.0-1 0.22 1.92 2.14 ERROR
r-devel-linux-x86_64-fedora-clang 5.0-1 102.79 OK
r-devel-linux-x86_64-fedora-gcc 5.0-1 96.62 OK
r-devel-windows-ix86+x86_64 5.0-1 18.00 87.00 105.00 OK
r-patched-linux-x86_64 5.0-1 7.67 68.23 75.90 OK
r-patched-solaris-x86 5.0-1 140.60 OK
r-release-linux-x86_64 5.0-1 8.38 68.01 76.39 OK
r-release-macos-x86_64 5.0-1 OK
r-release-windows-ix86+x86_64 5.0-1 21.00 85.00 106.00 OK
r-oldrel-macos-x86_64 5.0-1 OK
r-oldrel-windows-ix86+x86_64 5.0-1 16.00 91.00 107.00 OK

Check Details

Version: 5.0-1
Check: whether package can be installed
Result: ERROR
    Installation failed.
Flavor: r-devel-linux-x86_64-debian-gcc