CRAN Package Check Results for Package gamlss.countKinf

Last updated on 2022-10-02 20:52:44 CEST.

Flavor Version Tinstall Tcheck Ttotal Status Flags
r-devel-linux-x86_64-debian-clang 3.5.1 13.29 117.69 130.98 NOTE
r-devel-linux-x86_64-debian-gcc 3.5.1 12.10 87.96 100.06 NOTE
r-devel-linux-x86_64-fedora-clang 3.5.1 175.54 NOTE
r-devel-linux-x86_64-fedora-gcc 3.5.1 182.92 NOTE
r-devel-windows-x86_64 3.5.1 89.00 141.00 230.00 NOTE
r-patched-linux-x86_64 3.5.1 21.38 113.89 135.27 NOTE
r-release-linux-x86_64 3.5.1 16.09 113.75 129.84 NOTE
r-release-macos-arm64 3.5.1 44.00 NOTE
r-release-macos-x86_64 3.5.1 58.00 NOTE
r-release-windows-x86_64 3.5.1 89.00 140.00 229.00 NOTE
r-oldrel-macos-arm64 3.5.1 49.00 NOTE
r-oldrel-macos-x86_64 3.5.1 65.00 NOTE
r-oldrel-windows-ix86+x86_64 3.5.1 30.00 132.00 162.00 NOTE

Check Details

Version: 3.5.1
Check: LazyData
Result: NOTE
     'LazyData' is specified without a 'data' directory
Flavors: r-devel-linux-x86_64-debian-clang, r-devel-linux-x86_64-debian-gcc, r-devel-linux-x86_64-fedora-clang, r-devel-linux-x86_64-fedora-gcc, r-devel-windows-x86_64, r-patched-linux-x86_64, r-release-linux-x86_64, r-release-macos-arm64, r-release-macos-x86_64, r-release-windows-x86_64, r-oldrel-macos-arm64, r-oldrel-macos-x86_64, r-oldrel-windows-ix86+x86_64