Last updated on 2023-12-05 04:08:12 CET.
Flavor | Version | Tinstall | Tcheck | Ttotal | Status | Flags |
---|---|---|---|---|---|---|
r-devel-linux-x86_64-debian-clang | 1.1-6 | 7.00 | 92.31 | 99.31 | NOTE | |
r-devel-linux-x86_64-debian-gcc | 1.1-6 | 7.30 | 69.85 | 77.15 | NOTE | |
r-devel-linux-x86_64-fedora-clang | 1.1-6 | 134.73 | OK | |||
r-devel-linux-x86_64-fedora-gcc | 1.1-6 | 121.83 | OK | |||
r-devel-windows-x86_64 | 1.1-6 | 10.00 | 90.00 | 100.00 | OK | |
r-patched-linux-x86_64 | 1.1-6 | 10.53 | 90.72 | 101.25 | OK | |
r-release-linux-x86_64 | 1.1-6 | 9.28 | 90.58 | 99.86 | OK | |
r-release-macos-arm64 | 1.1-6 | 39.00 | OK | |||
r-release-macos-x86_64 | 1.1-6 | 64.00 | OK | |||
r-release-windows-x86_64 | 1.1-6 | 12.00 | 105.00 | 117.00 | OK | |
r-oldrel-macos-arm64 | 1.1-6 | 41.00 | OK | |||
r-oldrel-macos-x86_64 | 1.1-6 | 53.00 | OK | |||
r-oldrel-windows-x86_64 | 1.1-6 | 13.00 | 114.00 | 127.00 | OK |
Version: 1.1-6
Check: Rd files
Result: NOTE
checkRd: (-1) pc.Rd:17: Lost braces
17 | The functions \code{gamlss.pcr()} and \code{gamlss.pc()} are supporting functions. The are not intended to be called directly by users. The function \code{gamlss.pc()} is using the linear model function \code{lm()} to fit the first principal components while the function code{gamlss.pcr()} uses \code{fitPCR()}.
| ^
Flavors: r-devel-linux-x86_64-debian-clang, r-devel-linux-x86_64-debian-gcc