CRAN Package Check Results for Package gamlss.lasso

Last updated on 2021-08-04 02:49:57 CEST.

Flavor Version Tinstall Tcheck Ttotal Status Flags
r-devel-linux-x86_64-debian-clang 1.0-1 8.64 75.64 84.28 OK
r-devel-linux-x86_64-debian-gcc 1.0-1 6.73 58.04 64.77 OK
r-devel-linux-x86_64-fedora-clang 1.0-1 108.83 NOTE
r-devel-linux-x86_64-fedora-gcc 1.0-1 96.60 OK
r-devel-windows-x86_64 1.0-1 10.00 95.00 105.00 OK
r-devel-windows-x86_64-gcc10-UCRT 1.0-1 OK
r-patched-linux-x86_64 1.0-1 8.34 72.48 80.82 OK
r-patched-solaris-x86 1.0-1 142.70 OK
r-release-linux-x86_64 1.0-1 6.70 72.23 78.93 OK
r-release-macos-arm64 1.0-1 OK
r-release-macos-x86_64 1.0-1 OK
r-release-windows-ix86+x86_64 1.0-1 19.00 73.00 92.00 OK
r-oldrel-macos-x86_64 1.0-1 OK
r-oldrel-windows-ix86+x86_64 1.0-1 14.00 96.00 110.00 OK

Check Details

Version: 1.0-1
Check: Rd cross-references
Result: NOTE
    Undeclared packages ‘gamlss.dist’, ‘gamlss.add’ in Rd xrefs
Flavor: r-devel-linux-x86_64-fedora-clang