Last updated on 2023-09-26 10:07:40 CEST.
Flavor | Version | Tinstall | Tcheck | Ttotal | Status | Flags |
---|---|---|---|---|---|---|
r-devel-linux-x86_64-debian-clang | 6.0-0 | 10.23 | 82.89 | 93.12 | NOTE | |
r-devel-linux-x86_64-debian-gcc | 6.0-0 | 7.77 | 62.79 | 70.56 | NOTE | |
r-devel-linux-x86_64-fedora-clang | 6.0-0 | 109.96 | NOTE | |||
r-devel-linux-x86_64-fedora-gcc | 6.0-0 | 109.49 | NOTE | |||
r-devel-windows-x86_64 | 6.0-0 | 10.00 | 77.00 | 87.00 | NOTE | |
r-patched-linux-x86_64 | 6.0-0 | 9.66 | 80.71 | 90.37 | OK | |
r-release-linux-x86_64 | 6.0-0 | 9.09 | 80.69 | 89.78 | OK | |
r-release-macos-arm64 | 6.0-0 | 36.00 | OK | |||
r-release-macos-x86_64 | 6.0-0 | 59.00 | OK | |||
r-release-windows-x86_64 | 6.0-0 | 12.00 | 90.00 | 102.00 | OK | |
r-oldrel-macos-arm64 | 6.0-0 | 34.00 | OK | |||
r-oldrel-macos-x86_64 | 6.0-0 | 48.00 | OK | |||
r-oldrel-windows-x86_64 | 6.0-0 | 13.00 | 95.00 | 108.00 | OK |
Version: 6.0-0
Check: Rd metadata
Result: NOTE
Invalid package aliases in Rd file 'gamlss.mx.package.Rd':
‘gamlss.mix-package’
Flavors: r-devel-linux-x86_64-debian-clang, r-devel-linux-x86_64-debian-gcc, r-devel-linux-x86_64-fedora-clang, r-devel-linux-x86_64-fedora-gcc, r-devel-windows-x86_64