CRAN Package Check Results for Package gamma

Last updated on 2022-12-07 06:53:08 CET.

Flavor Version Tinstall Tcheck Ttotal Status Flags
r-devel-linux-x86_64-debian-clang 1.0.3 10.73 140.34 151.07 OK
r-devel-linux-x86_64-debian-gcc 1.0.3 8.26 104.01 112.27 OK
r-devel-linux-x86_64-fedora-clang 1.0.3 194.02 NOTE
r-devel-linux-x86_64-fedora-gcc 1.0.3 198.86 OK
r-devel-windows-x86_64 1.0.3 90.00 230.00 320.00 OK
r-patched-linux-x86_64 1.0.3 10.13 130.76 140.89 OK
r-release-linux-x86_64 1.0.3 10.81 128.17 138.98 OK
r-release-macos-arm64 1.0.3 58.00 OK
r-release-macos-x86_64 1.0.3 76.00 OK
r-release-windows-x86_64 1.0.3 95.00 239.00 334.00 OK
r-oldrel-macos-arm64 1.0.3 50.00 OK
r-oldrel-macos-x86_64 1.0.3 75.00 OK
r-oldrel-windows-ix86+x86_64 1.0.3 25.00 182.00 207.00 OK

Check Details

Version: 1.0.3
Check: Rd cross-references
Result: NOTE
    Undeclared package ‘hyperSpec’ in Rd xrefs
Flavor: r-devel-linux-x86_64-fedora-clang