CRAN Package Check Results for Package gamma

Last updated on 2021-05-17 20:48:23 CEST.

Flavor Version Tinstall Tcheck Ttotal Status Flags
r-devel-linux-x86_64-debian-clang 1.0.1 9.37 120.70 130.07 OK
r-devel-linux-x86_64-debian-gcc 1.0.1 7.53 88.35 95.88 OK
r-devel-linux-x86_64-fedora-clang 1.0.1 156.56 NOTE
r-devel-linux-x86_64-fedora-gcc 1.0.1 148.01 OK
r-devel-windows-ix86+x86_64 1.0.1 24.00 157.00 181.00 OK
r-devel-windows-x86_64-gcc10-UCRT 1.0.1 OK
r-patched-linux-x86_64 1.0.1 9.57 112.75 122.32 OK
r-patched-solaris-x86 1.0.1 196.90 OK
r-release-linux-x86_64 1.0.1 8.62 111.58 120.20 OK
r-release-macos-x86_64 1.0.1 OK
r-release-windows-ix86+x86_64 1.0.1 15.00 127.00 142.00 OK
r-oldrel-macos-x86_64 1.0.1 OK
r-oldrel-windows-ix86+x86_64 1.0.1 15.00 176.00 191.00 OK

Check Details

Version: 1.0.1
Check: Rd cross-references
Result: NOTE
    Undeclared package ‘hyperSpec’ in Rd xrefs
Flavor: r-devel-linux-x86_64-fedora-clang