Last updated on 2022-06-29 19:54:48 CEST.
Flavor | Version | Tinstall | Tcheck | Ttotal | Status | Flags |
---|---|---|---|---|---|---|
r-devel-linux-x86_64-debian-clang | 0.3 | 43.29 | 99.56 | 142.85 | NOTE | |
r-devel-linux-x86_64-debian-gcc | 0.3 | 39.52 | 74.69 | 114.21 | NOTE | |
r-devel-linux-x86_64-fedora-clang | 0.3 | 193.72 | NOTE | |||
r-devel-linux-x86_64-fedora-gcc | 0.3 | 188.76 | NOTE | |||
r-devel-windows-x86_64 | 0.3 | 37.00 | 133.00 | 170.00 | NOTE | |
r-patched-linux-x86_64 | 0.3 | 37.82 | 95.67 | 133.49 | NOTE | |
r-release-linux-x86_64 | 0.3 | 41.11 | 95.27 | 136.38 | NOTE | |
r-release-macos-arm64 | 0.3 | 50.00 | NOTE | |||
r-release-macos-x86_64 | 0.3 | 104.00 | NOTE | |||
r-release-windows-x86_64 | 0.3 | 43.00 | 132.00 | 175.00 | NOTE | |
r-oldrel-macos-arm64 | 0.3 | 60.00 | NOTE | |||
r-oldrel-macos-x86_64 | 0.3 | 73.00 | NOTE | |||
r-oldrel-windows-ix86+x86_64 | 0.3 | 114.00 | 158.00 | 272.00 | NOTE |
Version: 0.3
Check: LazyData
Result: NOTE
'LazyData' is specified without a 'data' directory
Flavors: r-devel-linux-x86_64-debian-clang, r-devel-linux-x86_64-debian-gcc, r-devel-linux-x86_64-fedora-clang, r-devel-linux-x86_64-fedora-gcc, r-devel-windows-x86_64, r-patched-linux-x86_64, r-release-linux-x86_64, r-release-macos-arm64, r-release-macos-x86_64, r-release-windows-x86_64, r-oldrel-macos-arm64, r-oldrel-macos-x86_64, r-oldrel-windows-ix86+x86_64