Last updated on 2025-01-19 16:48:20 CET.
Flavor | Version | Tinstall | Tcheck | Ttotal | Status | Flags |
---|---|---|---|---|---|---|
r-devel-linux-x86_64-debian-clang | 2.0-1 | 84.76 | 42.17 | 126.93 | OK | |
r-devel-linux-x86_64-debian-gcc | 2.0-1 | 58.87 | 30.95 | 89.82 | OK | |
r-devel-linux-x86_64-fedora-clang | 2.0-1 | 264.84 | OK | |||
r-devel-linux-x86_64-fedora-gcc | 2.0-1 | 294.17 | OK | |||
r-devel-windows-x86_64 | 2.0-1 | 90.00 | 90.00 | 180.00 | OK | |
r-patched-linux-x86_64 | 2.0-1 | 86.54 | 40.69 | 127.23 | OK | |
r-release-linux-x86_64 | 2.0-1 | 85.79 | 40.98 | 126.77 | OK | |
r-release-macos-arm64 | 2.0-1 | 60.00 | NOTE | |||
r-release-macos-x86_64 | 2.0-1 | 76.00 | NOTE | |||
r-release-windows-x86_64 | 2.0-1 | 91.00 | 89.00 | 180.00 | OK | |
r-oldrel-macos-arm64 | 2.0-1 | 84.00 | NOTE | |||
r-oldrel-macos-x86_64 | 2.0-1 | 117.00 | NOTE | |||
r-oldrel-windows-x86_64 | 2.0-1 | 99.00 | 102.00 | 201.00 | OK |
Version: 2.0-1
Check: installed package size
Result: NOTE
installed size is 6.0Mb
sub-directories of 1Mb or more:
libs 5.1Mb
Flavors: r-release-macos-arm64, r-release-macos-x86_64, r-oldrel-macos-arm64, r-oldrel-macos-x86_64