CRAN Package Check Results for Package gamstransfer

Last updated on 2024-06-13 15:48:22 CEST.

Flavor Version Tinstall Tcheck Ttotal Status Flags
r-devel-linux-x86_64-debian-clang 3.0.2 93.32 78.38 171.70 OK
r-devel-linux-x86_64-debian-gcc 3.0.2 62.90 29.24 92.14 ERROR
r-devel-linux-x86_64-fedora-clang 3.0.2 224.77 OK
r-devel-linux-x86_64-fedora-gcc 3.0.2 242.96 OK
r-devel-windows-x86_64 3.0.2 72.00 100.00 172.00 OK
r-patched-linux-x86_64 3.0.2 80.10 75.83 155.93 OK
r-release-linux-x86_64 3.0.2 80.85 77.89 158.74 OK
r-release-macos-arm64 3.0.2 61.00 NOTE
r-release-macos-x86_64 3.0.2 72.00 NOTE
r-release-windows-x86_64 3.0.2 69.00 106.00 175.00 OK
r-oldrel-macos-arm64 3.0.2 63.00 NOTE
r-oldrel-macos-x86_64 3.0.2 114.00 NOTE
r-oldrel-windows-x86_64 3.0.2 72.00 121.00 193.00 OK

Check Details

Version: 3.0.2
Check: package dependencies
Result: NOTE Package suggested but not available for checking: ‘testthat’ Flavor: r-devel-linux-x86_64-debian-gcc

Version: 3.0.2
Check: tests
Result: ERROR Running ‘testthat.R’ [0s/1s] Running the tests in ‘tests/testthat.R’ failed. Complete output: > # > # GAMS - General Algebraic Modeling System R API > # > # Copyright (c) 2017-2024 GAMS Software GmbH <support@gams.com> > # Copyright (c) 2017-2024 GAMS Development Corp. <support@gams.com> > # > # Permission is hereby granted, free of charge, to any person obtaining a copy > # of this software and associated documentation files (the "Software"), to deal > # in the Software without restriction, including without limitation the rights > # to use, copy, modify, merge, publish, distribute, sublicense, and/or sell > # copies of the Software, and to permit persons to whom the Software is > # furnished to do so, subject to the following conditions: > # > # The above copyright notice and this permission notice shall be included in all > # copies or substantial portions of the Software. > # > # THE SOFTWARE IS PROVIDED "AS IS", WITHOUT WARRANTY OF ANY KIND, EXPRESS OR > # IMPLIED, INCLUDING BUT NOT LIMITED TO THE WARRANTIES OF MERCHANTABILITY, > # FITNESS FOR A PARTICULAR PURPOSE AND NONINFRINGEMENT. IN NO EVENT SHALL THE > # AUTHORS OR COPYRIGHT HOLDERS BE LIABLE FOR ANY CLAIM, DAMAGES OR OTHER > # LIABILITY, WHETHER IN AN ACTION OF CONTRACT, TORT OR OTHERWISE, ARISING FROM, > # OUT OF OR IN CONNECTION WITH THE SOFTWARE OR THE USE OR OTHER DEALINGS IN THE > # SOFTWARE. > # > > library(testthat) Error in library(testthat) : there is no package called 'testthat' Execution halted Flavor: r-devel-linux-x86_64-debian-gcc

Version: 3.0.2
Check: installed package size
Result: NOTE installed size is 6.6Mb sub-directories of 1Mb or more: libs 6.1Mb Flavors: r-release-macos-arm64, r-release-macos-x86_64, r-oldrel-macos-arm64, r-oldrel-macos-x86_64