Last updated on 2023-05-29 07:54:12 CEST.
Flavor | Version | Tinstall | Tcheck | Ttotal | Status | Flags |
---|---|---|---|---|---|---|
r-devel-linux-x86_64-debian-clang | 0.10.7 | 66.13 | 143.45 | 209.58 | NOTE | |
r-devel-linux-x86_64-debian-gcc | 0.10.7 | 52.80 | 107.88 | 160.68 | NOTE | |
r-devel-linux-x86_64-fedora-clang | 0.10.7 | 273.93 | NOTE | |||
r-devel-linux-x86_64-fedora-gcc | 0.10.7 | 273.60 | NOTE | |||
r-devel-windows-x86_64 | 0.10.7 | 54.00 | 150.00 | 204.00 | NOTE | |
r-patched-linux-x86_64 | 0.10.7 | 46.33 | 134.68 | 181.01 | NOTE | |
r-release-linux-x86_64 | 0.10.7 | 44.93 | 134.00 | 178.93 | NOTE | |
r-release-macos-arm64 | 0.10.7 | 81.00 | NOTE | |||
r-release-macos-x86_64 | 0.10.7 | 136.00 | NOTE | |||
r-release-windows-x86_64 | 0.10.7 | 77.00 | 176.00 | 253.00 | NOTE | |
r-oldrel-macos-arm64 | 0.10.7 | 66.00 | NOTE | |||
r-oldrel-macos-x86_64 | 0.10.7 | 117.00 | NOTE | |||
r-oldrel-windows-x86_64 | 0.10.7 | 78.00 | 142.00 | 220.00 | NOTE |
Version: 0.10.7
Check: LazyData
Result: NOTE
'LazyData' is specified without a 'data' directory
Flavors: r-devel-linux-x86_64-debian-clang, r-devel-linux-x86_64-debian-gcc, r-devel-linux-x86_64-fedora-clang, r-devel-linux-x86_64-fedora-gcc, r-devel-windows-x86_64, r-patched-linux-x86_64, r-release-linux-x86_64, r-release-macos-arm64, r-release-macos-x86_64, r-release-windows-x86_64, r-oldrel-macos-arm64, r-oldrel-macos-x86_64, r-oldrel-windows-x86_64