Last updated on 2023-02-06 00:52:31 CET.
Flavor | Version | Tinstall | Tcheck | Ttotal | Status | Flags |
---|---|---|---|---|---|---|
r-devel-linux-x86_64-debian-clang | 0.10.7 | 71.85 | 136.28 | 208.13 | NOTE | |
r-devel-linux-x86_64-debian-gcc | 0.10.7 | 55.21 | 101.74 | 156.95 | NOTE | |
r-devel-linux-x86_64-fedora-clang | 0.10.7 | 275.02 | NOTE | |||
r-devel-linux-x86_64-fedora-gcc | 0.10.7 | 267.99 | NOTE | |||
r-devel-windows-x86_64 | 0.10.7 | 244.00 | 205.00 | 449.00 | NOTE | |
r-patched-linux-x86_64 | 0.10.7 | 61.40 | 120.93 | 182.33 | NOTE | |
r-release-linux-x86_64 | 0.10.7 | 52.38 | 123.60 | 175.98 | NOTE | |
r-release-macos-arm64 | 0.10.7 | 66.00 | NOTE | |||
r-release-macos-x86_64 | 0.10.7 | 117.00 | NOTE | |||
r-release-windows-x86_64 | 0.10.7 | 287.00 | 177.00 | 464.00 | NOTE | |
r-oldrel-macos-arm64 | 0.10.7 | 77.00 | NOTE | |||
r-oldrel-macos-x86_64 | 0.10.7 | 118.00 | NOTE | |||
r-oldrel-windows-ix86+x86_64 | 0.10.7 | 115.00 | 151.00 | 266.00 | NOTE |
Version: 0.10.7
Check: LazyData
Result: NOTE
'LazyData' is specified without a 'data' directory
Flavors: r-devel-linux-x86_64-debian-clang, r-devel-linux-x86_64-debian-gcc, r-devel-linux-x86_64-fedora-clang, r-devel-linux-x86_64-fedora-gcc, r-devel-windows-x86_64, r-patched-linux-x86_64, r-release-linux-x86_64, r-release-macos-arm64, r-release-macos-x86_64, r-release-windows-x86_64, r-oldrel-macos-arm64, r-oldrel-macos-x86_64, r-oldrel-windows-ix86+x86_64