CRAN Package Check Results for Package gap

Last updated on 2021-09-22 23:49:56 CEST.

Flavor Version Tinstall Tcheck Ttotal Status Flags
r-devel-linux-x86_64-debian-clang 1.2.3-1 25.97 122.27 148.24 OK
r-devel-linux-x86_64-debian-gcc 1.2.3-1 18.68 91.18 109.86 OK
r-devel-linux-x86_64-fedora-clang 1.2.3-1 185.72 OK
r-devel-linux-x86_64-fedora-gcc 1.2.3-1 171.40 OK
r-devel-windows-x86_64 1.2.3-1 27.00 90.00 117.00 OK
r-devel-windows-x86_64-gcc10-UCRT 1.2.3-1 ERROR
r-patched-linux-x86_64 1.2.3-1 24.51 120.11 144.62 OK
r-patched-solaris-x86 1.2.3-1 186.50 OK
r-release-linux-x86_64 1.2.3-1 22.22 117.81 140.03 OK
r-release-macos-arm64 1.2.3-1 NOTE
r-release-macos-x86_64 1.2.3-1 OK
r-release-windows-ix86+x86_64 1.2.3-1 54.00 99.00 153.00 OK
r-oldrel-macos-x86_64 1.2.3-1 OK
r-oldrel-windows-ix86+x86_64 1.2.3-1 71.00 100.00 171.00 OK

Check Details

Version: 1.2.3-1
Check: package dependencies
Result: NOTE
    Packages suggested but not available for checking:
     'haplo.stats', 'meta', 'rms'
Flavor: r-devel-windows-x86_64-gcc10-UCRT

Version: 1.2.3-1
Check: whether package can be installed
Result: ERROR
    Installation failed.
Flavor: r-devel-windows-x86_64-gcc10-UCRT

Version: 1.2.3-1
Check: package dependencies
Result: NOTE
    Package suggested but not available for checking: ‘R2jags’
Flavor: r-release-macos-arm64