CRAN Package Check Results for Package gapclosing

Last updated on 2024-06-13 11:48:11 CEST.

Flavor Version Tinstall Tcheck Ttotal Status Flags
r-devel-linux-x86_64-debian-clang 1.0.2 3.13 100.92 104.05 OK
r-devel-linux-x86_64-debian-gcc 1.0.2 0.34 1.67 2.01 ERROR
r-devel-linux-x86_64-fedora-clang 1.0.2 131.79 OK
r-devel-linux-x86_64-fedora-gcc 1.0.2 140.20 OK
r-devel-windows-x86_64 1.0.2 5.00 228.00 233.00 OK
r-patched-linux-x86_64 1.0.2 3.82 97.19 101.01 OK
r-release-linux-x86_64 1.0.2 2.55 97.33 99.88 OK
r-release-macos-arm64 1.0.2 123.00 OK
r-release-macos-x86_64 1.0.2 255.00 OK
r-release-windows-x86_64 1.0.2 5.00 229.00 234.00 OK
r-oldrel-macos-arm64 1.0.2 163.00 OK
r-oldrel-macos-x86_64 1.0.2 285.00 OK
r-oldrel-windows-x86_64 1.0.2 6.00 323.00 329.00 OK

Check Details

Version: 1.0.2
Check: package dependencies
Result: ERROR Packages required but not available: 'dplyr', 'forcats', 'ggplot2', 'tidyr', 'tidyselect' Package suggested but not available for checking: ‘testthat’ See section ‘The DESCRIPTION file’ in the ‘Writing R Extensions’ manual. Flavor: r-devel-linux-x86_64-debian-gcc