CRAN Package Check Results for Package gapclosing

Last updated on 2021-10-23 06:13:09 CEST.

Flavor Version Tinstall Tcheck Ttotal Status Flags
r-devel-linux-x86_64-debian-clang 1.0.2 3.46 70.24 73.70 OK
r-devel-linux-x86_64-debian-gcc 1.0.2 2.80 53.60 56.40 OK
r-devel-linux-x86_64-fedora-clang 1.0.2 94.86 OK
r-devel-linux-x86_64-fedora-gcc 1.0.2 85.79 OK
r-devel-windows-x86_64 1.0.2 6.00 496.00 502.00 OK
r-devel-windows-x86_64-gcc10-UCRT 1.0.2 OK
r-patched-linux-x86_64 1.0.2 3.47 66.99 70.46 OK
r-patched-solaris-x86 1.0.2 87.30 OK
r-release-linux-x86_64 1.0.2 2.62 66.34 68.96 OK
r-release-macos-arm64 1.0.1 NOTE
r-release-macos-x86_64 1.0.2 OK
r-release-windows-ix86+x86_64 1.0.2 7.00 497.00 504.00 OK
r-oldrel-macos-x86_64 1.0.2 OK
r-oldrel-windows-ix86+x86_64 1.0.2 6.00 373.00 379.00 OK

Check Details

Version: 1.0.1
Check: dependencies in R code
Result: NOTE
    Namespaces in Imports field not imported from:
     ‘Rdpack’ ‘gridExtra’ ‘utils’
     All declared Imports should be used.
Flavor: r-release-macos-arm64