CRAN Package Check Results for Package gapmap

Last updated on 2024-06-13 10:48:55 CEST.

Flavor Version Tinstall Tcheck Ttotal Status Flags
r-devel-linux-x86_64-debian-clang 1.0.0 6.63 108.70 115.33 OK
r-devel-linux-x86_64-debian-gcc 1.0.0 0.58 1.83 2.41 ERROR
r-devel-linux-x86_64-fedora-clang 1.0.0 146.44 OK
r-devel-linux-x86_64-fedora-gcc 1.0.0 151.54 OK
r-devel-windows-x86_64 1.0.0 7.00 96.00 103.00 OK
r-patched-linux-x86_64 1.0.0 7.46 105.83 113.29 OK
r-release-linux-x86_64 1.0.0 5.99 106.35 112.34 OK
r-release-macos-arm64 1.0.0 45.00 OK
r-release-macos-x86_64 1.0.0 72.00 OK
r-release-windows-x86_64 1.0.0 8.00 103.00 111.00 OK
r-oldrel-macos-arm64 1.0.0 50.00 OK
r-oldrel-macos-x86_64 1.0.0 87.00 OK
r-oldrel-windows-x86_64 1.0.0 9.00 114.00 123.00 OK

Check Details

Version: 1.0.0
Check: package dependencies
Result: ERROR Packages required but not available: 'ggplot2', 'reshape2' See section ‘The DESCRIPTION file’ in the ‘Writing R Extensions’ manual. Flavor: r-devel-linux-x86_64-debian-gcc