CRAN Package Check Results for Package garchx

Last updated on 2024-05-23 17:51:48 CEST.

Flavor Version Tinstall Tcheck Ttotal Status Flags
r-devel-linux-x86_64-debian-clang 1.5 5.14 36.44 41.58 NOTE
r-devel-linux-x86_64-debian-gcc 1.5 3.96 27.25 31.21 NOTE
r-devel-linux-x86_64-fedora-clang 1.5 50.74 NOTE
r-devel-linux-x86_64-fedora-gcc 1.5 48.30 NOTE
r-devel-windows-x86_64 1.5 7.00 51.00 58.00 NOTE
r-patched-linux-x86_64 1.5 6.57 33.79 40.36 NOTE
r-release-linux-x86_64 1.5 4.43 33.88 38.31 NOTE
r-release-macos-arm64 1.5 19.00 NOTE
r-release-windows-x86_64 1.5 6.00 51.00 57.00 NOTE
r-oldrel-macos-arm64 1.5 20.00 OK
r-oldrel-macos-x86_64 1.5 29.00 OK
r-oldrel-windows-x86_64 1.5 8.00 53.00 61.00 OK

Check Details

Version: 1.5
Check: Rd files
Result: NOTE checkRd: (-1) glag.Rd:7: Lost braces; missing escapes or markup? 7 | Similar to the \code{\link{lag}} function from the \code{stats} package, but \code{glag} enables padding (e.g. {NA}s or 0s) of the lost entries. Contrary to the \code{\link{lag}} function in the stats package, however, the default in \code{glag} is to pad (with \code{NA}s). The \code{glag} is particularly suited for \code{\link{zoo}} objects, since their indexing is retained | ^ Flavors: r-devel-linux-x86_64-debian-clang, r-devel-linux-x86_64-debian-gcc, r-devel-linux-x86_64-fedora-clang, r-devel-linux-x86_64-fedora-gcc, r-devel-windows-x86_64, r-patched-linux-x86_64, r-release-linux-x86_64, r-release-macos-arm64, r-release-windows-x86_64