CRAN Package Check Results for Package gastempt

Last updated on 2020-06-03 20:49:11 CEST.

Flavor Version Tinstall Tcheck Ttotal Status Flags
r-devel-linux-x86_64-debian-clang 0.5.0 469.50 125.31 594.81 NOTE
r-devel-linux-x86_64-debian-gcc 0.5.0 442.98 112.83 555.81 NOTE
r-devel-linux-x86_64-fedora-clang 0.5.0 815.08 NOTE
r-devel-linux-x86_64-fedora-gcc 0.5.0 23.10 ERROR
r-devel-windows-ix86+x86_64 0.5.0 1077.00 330.00 1407.00 NOTE
r-patched-linux-x86_64 0.5.0 401.12 144.34 545.46 NOTE
r-patched-solaris-x86 0.5.0 678.40 NOTE
r-release-linux-x86_64 0.5.0 450.97 141.85 592.82 NOTE
r-release-osx-x86_64 0.5.0 NOTE
r-release-windows-ix86+x86_64 0.5.0 859.00 260.00 1119.00 NOTE
r-oldrel-osx-x86_64 0.5.0 NOTE
r-oldrel-windows-ix86+x86_64 0.5.0 819.00 235.00 1054.00 ERROR

Check Details

Version: 0.5.0
Check: for GNU extensions in Makefiles
Result: NOTE
    GNU make is a SystemRequirements.
Flavors: r-devel-linux-x86_64-debian-clang, r-devel-linux-x86_64-debian-gcc, r-devel-linux-x86_64-fedora-clang, r-devel-windows-ix86+x86_64, r-patched-linux-x86_64, r-patched-solaris-x86, r-release-linux-x86_64, r-release-osx-x86_64, r-release-windows-ix86+x86_64, r-oldrel-osx-x86_64

Version: 0.5.0
Check: installed package size
Result: NOTE
     installed size is 87.9Mb
     sub-directories of 1Mb or more:
     libs 87.4Mb
Flavors: r-devel-linux-x86_64-fedora-clang, r-devel-windows-ix86+x86_64, r-release-osx-x86_64, r-release-windows-ix86+x86_64, r-oldrel-osx-x86_64

Version: 0.5.0
Check: dependencies in R code
Result: NOTE
    Namespace in Imports field not imported from: ‘methods’
     All declared Imports should be used.
Flavors: r-devel-linux-x86_64-fedora-clang, r-patched-solaris-x86, r-release-osx-x86_64, r-oldrel-osx-x86_64

Version: 0.5.0
Check: whether package can be installed
Result: ERROR
    Installation failed.
Flavors: r-devel-linux-x86_64-fedora-gcc, r-oldrel-windows-ix86+x86_64