CRAN Package Check Results for Package gaston

Last updated on 2020-01-27 00:48:03 CET.

Flavor Version Tinstall Tcheck Ttotal Status Flags
r-devel-linux-x86_64-debian-clang 1.5.5 681.15 110.24 791.39 OK
r-devel-linux-x86_64-debian-gcc 1.5.5 527.62 96.31 623.93 OK
r-devel-linux-x86_64-fedora-clang 1.5.5 1186.48 NOTE
r-devel-linux-x86_64-fedora-gcc 1.5.5 1156.48 OK
r-devel-windows-ix86+x86_64 1.5.5 1480.00 220.00 1700.00 NOTE
r-devel-windows-ix86+x86_64-gcc8 1.5.5 1620.00 193.00 1813.00 NOTE
r-patched-linux-x86_64 1.5.5 587.49 115.63 703.12 OK
r-patched-solaris-x86 1.5.5 916.10 NOTE
r-release-linux-x86_64 1.5.5 580.09 115.43 695.52 OK
r-release-windows-ix86+x86_64 1.5.5 1129.00 167.00 1296.00 NOTE
r-release-osx-x86_64 1.5.5 NOTE
r-oldrel-windows-ix86+x86_64 1.5.5 1084.00 159.00 1243.00 NOTE
r-oldrel-osx-x86_64 1.5.5 NOTE

Additional issues

clang-UBSAN gcc-UBSAN

Check Details

Version: 1.5.5
Check: installed package size
Result: NOTE
     installed size is 75.8Mb
     sub-directories of 1Mb or more:
     extdata 1.6Mb
     libs 72.4Mb
Flavors: r-devel-linux-x86_64-fedora-clang, r-devel-windows-ix86+x86_64, r-devel-windows-ix86+x86_64-gcc8, r-patched-solaris-x86, r-release-windows-ix86+x86_64, r-release-osx-x86_64, r-oldrel-windows-ix86+x86_64, r-oldrel-osx-x86_64