CRAN Package Check Results for Package gatepoints

Last updated on 2023-06-09 12:58:16 CEST.

Flavor Version Tinstall Tcheck Ttotal Status Flags
r-devel-linux-x86_64-debian-clang 0.1.4 2.07 24.53 26.60 NOTE
r-devel-linux-x86_64-debian-gcc 0.1.4 1.76 19.56 21.32 NOTE
r-devel-linux-x86_64-fedora-clang 0.1.4 34.15 NOTE
r-devel-linux-x86_64-fedora-gcc 0.1.4 44.97 NOTE
r-devel-windows-x86_64 0.1.4 7.00 44.00 51.00 NOTE
r-patched-linux-x86_64 0.1.4 2.13 23.85 25.98 NOTE
r-release-linux-x86_64 0.1.4 2.04 23.85 25.89 NOTE
r-release-macos-arm64 0.1.4 22.00 NOTE
r-release-macos-x86_64 0.1.4 34.00 NOTE
r-release-windows-x86_64 0.1.4 3.00 43.00 46.00 NOTE
r-oldrel-macos-arm64 0.1.4 17.00 NOTE
r-oldrel-macos-x86_64 0.1.4 23.00 NOTE
r-oldrel-windows-x86_64 0.1.4 4.00 46.00 50.00 NOTE

Check Details

Version: 0.1.4
Check: LazyData
Result: NOTE
     'LazyData' is specified without a 'data' directory
Flavors: r-devel-linux-x86_64-debian-clang, r-devel-linux-x86_64-debian-gcc, r-devel-linux-x86_64-fedora-clang, r-devel-linux-x86_64-fedora-gcc, r-devel-windows-x86_64, r-patched-linux-x86_64, r-release-linux-x86_64, r-release-macos-arm64, r-release-macos-x86_64, r-release-windows-x86_64, r-oldrel-macos-arm64, r-oldrel-macos-x86_64, r-oldrel-windows-x86_64