Last updated on 2023-03-20 22:55:30 CET.
Flavor | Version | Tinstall | Tcheck | Ttotal | Status | Flags |
---|---|---|---|---|---|---|
r-devel-linux-x86_64-debian-clang | 0.0.2 | OK | ||||
r-devel-linux-x86_64-debian-gcc | 0.0.2 | 1.49 | 15.14 | 16.63 | OK | |
r-devel-linux-x86_64-fedora-clang | 0.0.2 | 27.21 | NOTE | |||
r-devel-linux-x86_64-fedora-gcc | 0.0.2 | 25.34 | OK | |||
r-devel-windows-x86_64 | 0.0.2 | 8.00 | 42.00 | 50.00 | OK | |
r-patched-linux-x86_64 | 0.0.2 | 1.76 | 20.16 | 21.92 | OK | |
r-release-linux-x86_64 | 0.0.2 | 1.72 | 19.90 | 21.62 | OK | |
r-release-macos-arm64 | 0.0.2 | 14.00 | OK | |||
r-release-macos-x86_64 | 0.0.2 | 18.00 | OK | |||
r-release-windows-x86_64 | 0.0.2 | 4.00 | 40.00 | 44.00 | OK | |
r-oldrel-macos-arm64 | 0.0.2 | 17.00 | OK | |||
r-oldrel-macos-x86_64 | 0.0.2 | 27.00 | OK | |||
r-oldrel-windows-ix86+x86_64 | 0.0.2 | 5.00 | 24.00 | 29.00 | OK |
Version: 0.0.2
Check: Rd cross-references
Result: NOTE
Undeclared packages ‘fortunes’, ‘rmsfact’ in Rd xrefs
Flavor: r-devel-linux-x86_64-fedora-clang