Last updated on 2023-10-01 19:57:45 CEST.
Flavor | Version | Tinstall | Tcheck | Ttotal | Status | Flags |
---|---|---|---|---|---|---|
r-devel-linux-x86_64-debian-clang | 0.0.2 | 1.55 | 19.30 | 20.85 | OK | |
r-devel-linux-x86_64-debian-gcc | 0.0.2 | 1.33 | 15.37 | 16.70 | OK | |
r-devel-linux-x86_64-fedora-clang | 0.0.2 | 26.64 | NOTE | |||
r-devel-linux-x86_64-fedora-gcc | 0.0.2 | 25.93 | OK | |||
r-devel-windows-x86_64 | 0.0.2 | 3.00 | 34.00 | 37.00 | OK | |
r-patched-linux-x86_64 | 0.0.2 | 1.92 | 18.64 | 20.56 | OK | |
r-release-linux-x86_64 | 0.0.2 | 1.94 | 19.05 | 20.99 | OK | |
r-release-macos-arm64 | 0.0.2 | 14.00 | OK | |||
r-release-macos-x86_64 | 0.0.2 | 18.00 | OK | |||
r-release-windows-x86_64 | 0.0.2 | 3.00 | 40.00 | 43.00 | OK | |
r-oldrel-macos-arm64 | 0.0.2 | 15.00 | OK | |||
r-oldrel-macos-x86_64 | 0.0.2 | 18.00 | OK | |||
r-oldrel-windows-x86_64 | 0.0.2 | 4.00 | 40.00 | 44.00 | OK |
Version: 0.0.2
Check: Rd cross-references
Result: NOTE
Undeclared packages ‘fortunes’, ‘rmsfact’ in Rd xrefs
Flavor: r-devel-linux-x86_64-fedora-clang