CRAN Package Check Results for Package gaussfacts

Last updated on 2021-09-23 15:50:49 CEST.

Flavor Version Tinstall Tcheck Ttotal Status Flags
r-devel-linux-x86_64-debian-clang 0.0.2 1.68 19.54 21.22 OK
r-devel-linux-x86_64-debian-gcc 0.0.2 1.21 15.67 16.88 OK
r-devel-linux-x86_64-fedora-clang 0.0.2 35.17 NOTE
r-devel-linux-x86_64-fedora-gcc 0.0.2 24.97 OK
r-devel-windows-x86_64 0.0.2 3.00 25.00 28.00 OK
r-devel-windows-x86_64-gcc10-UCRT 0.0.2 ERROR
r-patched-linux-x86_64 0.0.2 1.81 19.22 21.03 OK
r-patched-solaris-x86 0.0.2 38.50 OK
r-release-linux-x86_64 0.0.2 1.72 19.09 20.81 OK
r-release-macos-arm64 0.0.2 OK
r-release-macos-x86_64 0.0.2 OK
r-release-windows-ix86+x86_64 0.0.2 5.00 24.00 29.00 OK
r-oldrel-macos-x86_64 0.0.2 OK
r-oldrel-windows-ix86+x86_64 0.0.2 4.00 22.00 26.00 OK

Check Details

Version: 0.0.2
Check: Rd cross-references
Result: NOTE
    Undeclared packages ‘fortunes’, ‘rmsfact’ in Rd xrefs
Flavor: r-devel-linux-x86_64-fedora-clang

Version: 0.0.2
Check: PDF version of manual
Result: WARN
    LaTeX errors when creating PDF version.
    This typically indicates Rd problems.
Flavor: r-devel-windows-x86_64-gcc10-UCRT

Version: 0.0.2
Check: PDF version of manual without hyperrefs or index
Result: ERROR
    Re-running with no redirection of stdout/stderr.
Flavor: r-devel-windows-x86_64-gcc10-UCRT