CRAN Package Check Results for Package gaussfacts

Last updated on 2022-10-02 13:50:42 CEST.

Flavor Version Tinstall Tcheck Ttotal Status Flags
r-devel-linux-x86_64-debian-clang 0.0.2 1.85 20.21 22.06 OK
r-devel-linux-x86_64-debian-gcc 0.0.2 1.22 15.87 17.09 OK
r-devel-linux-x86_64-fedora-clang 0.0.2 39.91 NOTE
r-devel-linux-x86_64-fedora-gcc 0.0.2 39.76 OK
r-devel-windows-x86_64 0.0.2 4.00 43.00 47.00 OK
r-patched-linux-x86_64 0.0.2 1.63 19.55 21.18 OK
r-release-linux-x86_64 0.0.2 1.52 19.28 20.80 OK
r-release-macos-arm64 0.0.2 14.00 OK
r-release-macos-x86_64 0.0.2 18.00 OK
r-release-windows-x86_64 0.0.2 4.00 40.00 44.00 OK
r-oldrel-macos-arm64 0.0.2 17.00 OK
r-oldrel-macos-x86_64 0.0.2 27.00 OK
r-oldrel-windows-ix86+x86_64 0.0.2 5.00 24.00 29.00 OK

Check Details

Version: 0.0.2
Check: Rd cross-references
Result: NOTE
    Undeclared packages ‘fortunes’, ‘rmsfact’ in Rd xrefs
Flavor: r-devel-linux-x86_64-fedora-clang