CRAN Package Check Results for Package gaussplotR

Last updated on 2024-02-27 10:54:15 CET.

Flavor Version Tinstall Tcheck Ttotal Status Flags
r-devel-linux-x86_64-debian-clang 0.2.5 2.96 47.84 50.80 NOTE
r-devel-linux-x86_64-debian-gcc 0.2.5 2.58 37.37 39.95 NOTE
r-devel-linux-x86_64-fedora-clang 0.2.5 66.63 NOTE
r-devel-linux-x86_64-fedora-gcc 0.2.5 76.53 NOTE
r-devel-windows-x86_64 0.2.5 5.00 60.00 65.00 OK
r-patched-linux-x86_64 0.2.5 3.27 47.02 50.29 OK
r-release-linux-x86_64 0.2.5 3.13 47.04 50.17 OK
r-release-macos-arm64 0.2.5 33.00 OK
r-release-macos-x86_64 0.2.5 47.00 OK
r-release-windows-x86_64 0.2.5 6.00 64.00 70.00 OK
r-oldrel-macos-arm64 0.2.5 28.00 OK
r-oldrel-windows-x86_64 0.2.5 6.00 67.00 73.00 OK

Check Details

Version: 0.2.5
Check: Rd files
Result: NOTE checkRd: (-1) autofit_gaussian_2D.Rd:34: Lost braces in \itemize; \value handles \item{}{} directly checkRd: (-1) autofit_gaussian_2D.Rd:35: Lost braces in \itemize; \value handles \item{}{} directly checkRd: (-1) autofit_gaussian_2D.Rd:36-37: Lost braces in \itemize; \value handles \item{}{} directly checkRd: (-1) autofit_gaussian_2D.Rd:38-39: Lost braces in \itemize; \value handles \item{}{} directly checkRd: (-1) characterize_gaussian_fits.Rd:34-36: Lost braces in \itemize; \value handles \item{}{} directly checkRd: (-1) characterize_gaussian_fits.Rd:37-39: Lost braces in \itemize; \value handles \item{}{} directly checkRd: (-1) characterize_gaussian_fits.Rd:40-41: Lost braces in \itemize; \value handles \item{}{} directly checkRd: (-1) characterize_gaussian_fits.Rd:42-43: Lost braces in \itemize; \value handles \item{}{} directly checkRd: (-1) characterize_gaussian_fits.Rd:44-45: Lost braces in \itemize; \value handles \item{}{} directly checkRd: (-1) characterize_gaussian_fits.Rd:46-47: Lost braces in \itemize; \value handles \item{}{} directly checkRd: (-1) characterize_gaussian_fits.Rd:48-49: Lost braces in \itemize; \value handles \item{}{} directly checkRd: (-1) characterize_gaussian_fits.Rd:50-51: Lost braces in \itemize; \value handles \item{}{} directly checkRd: (-1) characterize_gaussian_fits.Rd:52-53: Lost braces in \itemize; \value handles \item{}{} directly checkRd: (-1) characterize_gaussian_fits.Rd:54-55: Lost braces in \itemize; \value handles \item{}{} directly checkRd: (-1) compare_gaussian_fits.Rd:19-21: Lost braces in \itemize; \value handles \item{}{} directly checkRd: (-1) compare_gaussian_fits.Rd:22-24: Lost braces in \itemize; \value handles \item{}{} directly checkRd: (-1) fit_gaussian_2D.Rd:57: Lost braces in \itemize; \value handles \item{}{} directly checkRd: (-1) fit_gaussian_2D.Rd:58: Lost braces in \itemize; \value handles \item{}{} directly checkRd: (-1) fit_gaussian_2D.Rd:59-60: Lost braces in \itemize; \value handles \item{}{} directly checkRd: (-1) fit_gaussian_2D.Rd:61-62: Lost braces in \itemize; \value handles \item{}{} directly Flavors: r-devel-linux-x86_64-debian-clang, r-devel-linux-x86_64-debian-gcc, r-devel-linux-x86_64-fedora-clang, r-devel-linux-x86_64-fedora-gcc