Last updated on 2021-02-27 07:53:47 CET.
Flavor | Version | Tinstall | Tcheck | Ttotal | Status | Flags |
---|---|---|---|---|---|---|
r-devel-linux-x86_64-debian-clang | 0.2.3 | 3.76 | 44.58 | 48.34 | OK | |
r-devel-linux-x86_64-debian-gcc | 0.2.3 | 2.72 | 33.72 | 36.44 | OK | |
r-devel-linux-x86_64-fedora-clang | 0.2.3 | 67.05 | OK | |||
r-devel-linux-x86_64-fedora-gcc | 0.2.3 | 56.87 | OK | |||
r-devel-windows-ix86+x86_64 | 0.2.3 | 6.00 | 46.00 | 52.00 | OK | |
r-patched-linux-x86_64 | 0.2.3 | 2.43 | 42.42 | 44.85 | OK | |
r-patched-solaris-x86 | 0.2.3 | 81.80 | OK | |||
r-release-linux-x86_64 | 0.2.3 | 3.34 | 42.18 | 45.52 | OK | |
r-release-macos-x86_64 | 0.2.3 | OK | ||||
r-release-windows-ix86+x86_64 | 0.2.3 | 9.00 | 68.00 | 77.00 | OK | |
r-oldrel-macos-x86_64 | 0.2.3 | ERROR | ||||
r-oldrel-windows-ix86+x86_64 | 0.2.0 | 4.00 | 27.00 | 31.00 | OK |
Version: 0.2.3
Check: whether package can be installed
Result: ERROR
Installation failed.
Flavor: r-oldrel-macos-x86_64