CRAN Package Check Results for Package gb

Last updated on 2024-02-29 21:56:20 CET.

Flavor Version Tinstall Tcheck Ttotal Status Flags
r-devel-linux-x86_64-debian-clang 2.3.3 5.67 29.42 35.09 NOTE
r-devel-linux-x86_64-debian-gcc 2.3.3 4.14 22.72 26.86 NOTE
r-devel-linux-x86_64-fedora-clang 2.3.3 43.18 NOTE
r-devel-linux-x86_64-fedora-gcc 2.3.3 41.39 NOTE
r-devel-windows-x86_64 2.3.3 8.00 55.00 63.00 NOTE
r-patched-linux-x86_64 2.3.3 5.45 28.82 34.27 NOTE
r-release-linux-x86_64 2.3.3 4.17 28.88 33.05 NOTE
r-release-macos-arm64 2.3.3 23.00 NOTE
r-release-macos-x86_64 2.3.3 30.00 NOTE
r-release-windows-x86_64 2.3.3 9.00 58.00 67.00 NOTE
r-oldrel-macos-arm64 2.3.3 24.00 OK
r-oldrel-windows-x86_64 2.3.3 9.00 56.00 65.00 OK

Check Details

Version: 2.3.3
Check: Rd files
Result: NOTE checkRd: (-1) fitgbd.Rd:29: Escaped LaTeX specials: \& checkRd: (-1) fitgld.Rd:30: Escaped LaTeX specials: \& checkRd: (-1) gb.Rd:28: Escaped LaTeX specials: \& checkRd: (-1) gbd.Rd:37: Escaped LaTeX specials: \& checkRd: (-1) gld.Rd:36: Escaped LaTeX specials: \& Flavors: r-devel-linux-x86_64-debian-clang, r-devel-linux-x86_64-debian-gcc, r-devel-linux-x86_64-fedora-clang, r-devel-linux-x86_64-fedora-gcc, r-devel-windows-x86_64, r-patched-linux-x86_64, r-release-linux-x86_64, r-release-macos-arm64, r-release-macos-x86_64, r-release-windows-x86_64