CRAN Package Check Results for Package gbRd

Last updated on 2020-09-21 18:06:56 CEST.

Flavor Version Tinstall Tcheck Ttotal Status Flags
r-devel-linux-x86_64-debian-clang 0.4-11 1.92 21.05 22.97 NOTE
r-devel-linux-x86_64-debian-gcc 0.4-11 1.57 16.82 18.39 NOTE
r-devel-linux-x86_64-fedora-clang 0.4-11 37.80 NOTE
r-devel-linux-x86_64-fedora-gcc 0.4-11 29.09 NOTE
r-devel-windows-ix86+x86_64 0.4-11 4.00 32.00 36.00 NOTE
r-patched-linux-x86_64 0.4-11 2.03 20.98 23.01 NOTE
r-patched-solaris-x86 0.4-11 43.10 NOTE
r-release-linux-x86_64 0.4-11 2.02 20.98 23.00 NOTE
r-release-macos-x86_64 0.4-11 NOTE
r-release-windows-ix86+x86_64 0.4-11 6.00 34.00 40.00 NOTE
r-oldrel-macos-x86_64 0.4-11 NOTE
r-oldrel-windows-ix86+x86_64 0.4-11 4.00 51.00 55.00 NOTE

Check Details

Version: 0.4-11
Check: dependencies in R code
Result: NOTE
    Package in Depends field not imported from: 'tools'
     These packages need to be imported from (in the NAMESPACE file)
     for when this namespace is loaded but not attached.
    Unexported objects imported by ':::' calls:
     'tools:::.Rd_get_argument_names' 'tools:::RdTags' 'tools:::fetchRdDB'
     See the note in ?`:::` about the use of this operator.
Flavors: r-devel-linux-x86_64-debian-clang, r-devel-linux-x86_64-debian-gcc, r-devel-linux-x86_64-fedora-clang, r-devel-linux-x86_64-fedora-gcc, r-devel-windows-ix86+x86_64, r-patched-linux-x86_64, r-patched-solaris-x86, r-release-linux-x86_64, r-release-macos-x86_64, r-release-windows-ix86+x86_64, r-oldrel-macos-x86_64, r-oldrel-windows-ix86+x86_64