Last updated on 2023-03-31 03:52:29 CEST.
Flavor | Version | Tinstall | Tcheck | Ttotal | Status | Flags |
---|---|---|---|---|---|---|
r-devel-linux-x86_64-debian-clang | 0.1.0 | 36.36 | 32.26 | 68.62 | OK | |
r-devel-linux-x86_64-debian-gcc | 0.1.0 | 32.07 | 26.07 | 58.14 | OK | |
r-devel-linux-x86_64-fedora-clang | 0.1.0 | 92.63 | OK | |||
r-devel-linux-x86_64-fedora-gcc | 0.1.0 | 102.73 | OK | |||
r-devel-windows-x86_64 | 0.1.0 | 35.00 | 84.00 | 119.00 | OK | |
r-patched-linux-x86_64 | 0.1.0 | 30.62 | 32.31 | 62.93 | OK | |
r-release-linux-x86_64 | 0.1.0 | 36.43 | 33.87 | 70.30 | OK | |
r-release-macos-arm64 | 0.1.0 | 29.00 | NOTE | |||
r-release-macos-x86_64 | 0.1.0 | 39.00 | NOTE | |||
r-release-windows-x86_64 | 0.1.0 | 34.00 | 87.00 | 121.00 | OK | |
r-oldrel-macos-arm64 | 0.1.0 | 38.00 | NOTE | |||
r-oldrel-macos-x86_64 | 0.1.0 | 52.00 | NOTE | |||
r-oldrel-windows-ix86+x86_64 | 0.1.0 | 86.00 | 118.00 | 204.00 | OK |
Version: 0.1.0
Check: installed package size
Result: NOTE
installed size is 7.0Mb
sub-directories of 1Mb or more:
libs 6.9Mb
Flavors: r-release-macos-arm64, r-release-macos-x86_64, r-oldrel-macos-arm64, r-oldrel-macos-x86_64