Last updated on 2023-03-29 14:49:05 CEST.
Flavor | Version | Tinstall | Tcheck | Ttotal | Status | Flags |
---|---|---|---|---|---|---|
r-devel-linux-x86_64-debian-clang | 2.1 | 6.18 | 70.46 | 76.64 | NOTE | |
r-devel-linux-x86_64-debian-gcc | 2.1 | 5.85 | 54.94 | 60.79 | NOTE | |
r-devel-linux-x86_64-fedora-clang | 2.1 | 99.59 | NOTE | |||
r-devel-linux-x86_64-fedora-gcc | 2.1 | 95.13 | NOTE | |||
r-devel-windows-x86_64 | 2.1 | 9.00 | 0.00 | 9.00 | OK | |
r-patched-linux-x86_64 | 2.1 | 7.06 | 68.14 | 75.20 | NOTE | |
r-release-linux-x86_64 | 2.1 | 7.23 | 68.03 | 75.26 | NOTE | |
r-release-macos-arm64 | 2.1 | 29.00 | OK | |||
r-release-macos-x86_64 | 2.1 | 43.00 | OK | |||
r-release-windows-x86_64 | 2.1 | 10.00 | 94.00 | 104.00 | OK | |
r-oldrel-macos-arm64 | 2.1 | 38.00 | OK | |||
r-oldrel-macos-x86_64 | 2.1 | 60.00 | OK | |||
r-oldrel-windows-ix86+x86_64 | 2.1 | 16.00 | 122.00 | 138.00 | OK |
Version: 2.1
Check: for non-standard things in the check directory
Result: NOTE
Found the following files/directories:
‘checkdata.csv’ ‘gbmforest.sas’
Flavors: r-devel-linux-x86_64-debian-clang, r-devel-linux-x86_64-debian-gcc, r-devel-linux-x86_64-fedora-clang, r-devel-linux-x86_64-fedora-gcc, r-patched-linux-x86_64, r-release-linux-x86_64