CRAN Package Check Results for Package gbs2ploidy

Last updated on 2020-07-15 10:50:28 CEST.

Flavor Version Tinstall Tcheck Ttotal Status Flags
r-devel-linux-x86_64-debian-clang 1.0 2.57 29.27 31.84 OK
r-devel-linux-x86_64-debian-gcc 1.0 2.15 23.96 26.11 OK
r-devel-linux-x86_64-fedora-clang 1.0 46.83 OK
r-devel-linux-x86_64-fedora-gcc 1.0 40.42 OK
r-devel-windows-ix86+x86_64 1.0 9.00 60.00 69.00 OK
r-patched-linux-x86_64 1.0 2.63 29.37 32.00 OK
r-patched-solaris-x86 1.0 76.30 OK
r-release-linux-x86_64 1.0 2.64 29.43 32.07 OK
r-release-macos-x86_64 1.0 FAIL
r-release-windows-ix86+x86_64 1.0 7.00 40.00 47.00 OK
r-oldrel-macos-x86_64 1.0 OK
r-oldrel-windows-ix86+x86_64 1.0 8.00 56.00 64.00 OK

Check Details

Version: 1.0
Check: DESCRIPTION meta-information
Result: FAIL
Flavor: r-release-macos-x86_64