Last updated on 2023-06-07 01:03:25 CEST.
Flavor | Version | Tinstall | Tcheck | Ttotal | Status | Flags |
---|---|---|---|---|---|---|
r-devel-linux-x86_64-debian-clang | 1.1.8 | 47.99 | 52.15 | 100.14 | OK | |
r-devel-linux-x86_64-debian-gcc | 1.1.8 | 42.50 | 40.17 | 82.67 | OK | |
r-devel-linux-x86_64-fedora-clang | 1.1.8 | 149.64 | NOTE | |||
r-devel-linux-x86_64-fedora-gcc | 1.1.8 | 147.80 | OK | |||
r-devel-windows-x86_64 | 1.1.8 | 43.00 | 79.00 | 122.00 | OK | |
r-patched-linux-x86_64 | 1.1.8 | 45.37 | 50.32 | 95.69 | OK | |
r-release-linux-x86_64 | 1.1.8 | 43.95 | 50.69 | 94.64 | OK | |
r-release-macos-arm64 | 1.1.8 | 37.00 | OK | |||
r-release-macos-x86_64 | 1.1.8 | 65.00 | OK | |||
r-release-windows-x86_64 | 1.1.8 | 56.00 | 89.00 | 145.00 | OK | |
r-oldrel-macos-arm64 | 1.1.8 | 39.00 | OK | |||
r-oldrel-macos-x86_64 | 1.1.8 | 50.00 | OK | |||
r-oldrel-windows-x86_64 | 1.1.8 | 54.00 | 90.00 | 144.00 | OK |
Version: 1.1.8
Check: Rd cross-references
Result: NOTE
Undeclared package ‘gcmr’ in Rd xrefs
Flavor: r-devel-linux-x86_64-fedora-clang