CRAN Package Check Results for Package gcbd

Last updated on 2018-12-14 15:51:17 CET.

Flavor Version Tinstall Tcheck Ttotal Status Flags
r-devel-linux-x86_64-debian-clang 0.2.6 3.98 56.62 60.60 NOTE --no-examples --no-tests --no-vignettes
r-devel-linux-x86_64-debian-gcc 0.2.6 4.50 45.87 50.37 NOTE --no-examples --no-tests --no-vignettes
r-devel-linux-x86_64-fedora-clang 0.2.6 71.08 NOTE --no-vignettes
r-devel-linux-x86_64-fedora-gcc 0.2.6 71.18 NOTE --no-vignettes
r-patched-linux-x86_64 0.2.6 4.53 53.08 57.61 NOTE --no-examples --no-tests --no-vignettes
r-patched-solaris-x86 0.2.6 121.10 WARN
r-release-linux-x86_64 0.2.6 4.56 53.65 58.21 NOTE --no-examples --no-tests --no-vignettes
r-release-osx-x86_64 0.2.6 NOTE
r-oldrel-osx-x86_64 0.2.6 NOTE

Check Details

Version: 0.2.6
Flags: --no-examples --no-tests --no-vignettes
Check: package dependencies
Result: NOTE
    Package suggested but not available for checking: ‘gputools’
Flavors: r-devel-linux-x86_64-debian-clang, r-devel-linux-x86_64-debian-gcc, r-patched-linux-x86_64, r-release-linux-x86_64

Version: 0.2.6
Flags: --no-vignettes
Check: package dependencies
Result: NOTE
    Package suggested but not available for checking: ‘gputools’
Flavors: r-devel-linux-x86_64-fedora-clang, r-devel-linux-x86_64-fedora-gcc

Version: 0.2.6
Check: package dependencies
Result: NOTE
    Package suggested but not available for checking: ‘gputools’
Flavors: r-patched-solaris-x86, r-release-osx-x86_64, r-oldrel-osx-x86_64

Version: 0.2.6
Check: re-building of vignette outputs
Result: WARN
    Error in re-building vignettes:
     ...
    Warning in packageDescription("gputools") :
     no package 'gputools' was found
    Error: processing vignette 'gcbd.Rnw' failed with diagnostics:
    at gcbd.Rnw:860, subscript out of bounds
    Execution halted
Flavor: r-patched-solaris-x86

Version: 0.2.6
Check: re-building of vignette outputs
Result: NOTE
    Error in re-building vignettes:
     ...
    Warning in packageDescription("gputools") :
     no package 'gputools' was found
    Error: processing vignette 'gcbd.Rnw' failed with diagnostics:
    at gcbd.Rnw:860, subscript out of bounds
    Execution halted
Flavors: r-release-osx-x86_64, r-oldrel-osx-x86_64