CRAN Package Check Results for Package gcbd

Last updated on 2018-01-18 22:47:25 CET.

Flavor Version Tinstall Tcheck Ttotal Status Flags
r-devel-linux-x86_64-debian-clang 0.2.6 4.19 45.24 49.43 NOTE --no-examples --no-tests --no-vignettes
r-devel-linux-x86_64-debian-gcc 0.2.6 3.32 39.65 42.97 NOTE --no-examples --no-tests --no-vignettes
r-devel-linux-x86_64-fedora-clang 0.2.6 75.72 NOTE --no-vignettes
r-devel-linux-x86_64-fedora-gcc 0.2.6 74.73 NOTE --no-vignettes
r-patched-linux-x86_64 0.2.6 4.03 56.16 60.19 NOTE --no-examples --no-tests --no-vignettes
r-patched-solaris-x86 0.2.6 139.00 WARN
r-release-linux-x86_64 0.2.6 4.27 55.58 59.85 NOTE --no-examples --no-tests --no-vignettes
r-release-osx-x86_64 0.2.6 NOTE
r-oldrel-osx-x86_64 0.2.6 NOTE

Check Details

Version: 0.2.6
Flags: --no-examples --no-tests --no-vignettes
Check: package dependencies
Result: NOTE
    Package suggested but not available for checking: ‘gputools’
Flavors: r-devel-linux-x86_64-debian-clang, r-devel-linux-x86_64-debian-gcc, r-patched-linux-x86_64, r-release-linux-x86_64

Version: 0.2.6
Flags: --no-vignettes
Check: package dependencies
Result: NOTE
    Package suggested but not available for checking: ‘gputools’
Flavors: r-devel-linux-x86_64-fedora-clang, r-devel-linux-x86_64-fedora-gcc

Version: 0.2.6
Check: package dependencies
Result: NOTE
    Package suggested but not available for checking: ‘gputools’
Flavors: r-patched-solaris-x86, r-release-osx-x86_64, r-oldrel-osx-x86_64

Version: 0.2.6
Check: re-building of vignette outputs
Result: WARN
    Error in re-building vignettes:
     ...
    Warning in packageDescription("gputools") :
     no package 'gputools' was found
    Error: processing vignette 'gcbd.Rnw' failed with diagnostics:
    at gcbd.Rnw:860, subscript out of bounds
    Execution halted
Flavor: r-patched-solaris-x86

Version: 0.2.6
Check: re-building of vignette outputs
Result: NOTE
    Error in re-building vignettes:
     ...
    Warning in packageDescription("gputools") :
     no package 'gputools' was found
    Error: processing vignette 'gcbd.Rnw' failed with diagnostics:
    at gcbd.Rnw:860, subscript out of bounds
    Execution halted
Flavors: r-release-osx-x86_64, r-oldrel-osx-x86_64