CRAN Package Check Results for Package gcerisk

Last updated on 2018-09-26 16:52:37 CEST.

Flavor Version Tinstall Tcheck Ttotal Status Flags
r-devel-linux-x86_64-debian-clang 18.02.22 6.24 74.65 80.89 OK
r-devel-linux-x86_64-debian-gcc 18.02.22 0.32 1.47 1.79 ERROR
r-devel-linux-x86_64-fedora-clang 18.02.22 93.73 OK
r-devel-linux-x86_64-fedora-gcc 18.02.22 91.79 OK
r-devel-windows-ix86+x86_64 18.02.22 18.00 112.00 130.00 OK
r-patched-linux-x86_64 18.02.22 4.14 60.05 64.19 OK
r-patched-solaris-x86 18.02.22 123.00 OK
r-release-linux-x86_64 18.02.22 5.10 60.71 65.81 OK
r-release-windows-ix86+x86_64 18.02.22 15.00 110.00 125.00 OK
r-release-osx-x86_64 18.02.22 OK
r-oldrel-windows-ix86+x86_64 18.02.22 9.00 98.00 107.00 OK
r-oldrel-osx-x86_64 18.02.22 OK

Check Details

Version: 18.02.22
Check: package dependencies
Result: ERROR
    Package required but not available: ‘ggplot2’
    
    See section ‘The DESCRIPTION file’ in the ‘Writing R Extensions’
    manual.
Flavor: r-devel-linux-x86_64-debian-gcc