CRAN Package Check Results for Package gcite

Last updated on 2021-09-24 10:50:04 CEST.

Flavor Version Tinstall Tcheck Ttotal Status Flags
r-devel-linux-x86_64-debian-clang 0.10.1 4.15 38.37 42.52 NOTE
r-devel-linux-x86_64-debian-gcc 0.10.1 3.05 29.59 32.64 NOTE
r-devel-linux-x86_64-fedora-clang 0.10.1 59.83 NOTE
r-devel-linux-x86_64-fedora-gcc 0.10.1 48.83 NOTE
r-devel-windows-x86_64 0.10.1 7.00 42.00 49.00 NOTE
r-devel-windows-x86_64-gcc10-UCRT 0.10.1 NOTE
r-patched-linux-x86_64 0.10.1 7.56 36.27 43.83 NOTE
r-patched-solaris-x86 0.10.1 76.40 NOTE
r-release-linux-x86_64 0.10.1 3.43 36.46 39.89 NOTE
r-release-macos-arm64 0.10.1 NOTE
r-release-macos-x86_64 0.10.1 NOTE
r-release-windows-ix86+x86_64 0.10.1 9.00 42.00 51.00 NOTE
r-oldrel-macos-x86_64 0.10.1 OK
r-oldrel-windows-ix86+x86_64 0.10.1 8.00 43.00 51.00 OK

Check Details

Version: 0.10.1
Check: LazyData
Result: NOTE
     'LazyData' is specified without a 'data' directory
Flavors: r-devel-linux-x86_64-debian-clang, r-devel-linux-x86_64-debian-gcc, r-devel-linux-x86_64-fedora-clang, r-devel-linux-x86_64-fedora-gcc, r-devel-windows-x86_64, r-devel-windows-x86_64-gcc10-UCRT, r-patched-linux-x86_64, r-patched-solaris-x86, r-release-linux-x86_64, r-release-macos-arm64, r-release-macos-x86_64, r-release-windows-ix86+x86_64