Last updated on 2023-12-02 23:13:45 CET.
Flavor | Version | Tinstall | Tcheck | Ttotal | Status | Flags |
---|---|---|---|---|---|---|
r-devel-linux-x86_64-debian-clang | 0.0.1 | 3.77 | 24.09 | 27.86 | NOTE | |
r-devel-linux-x86_64-debian-gcc | 0.0.1 | 2.83 | 18.63 | 21.46 | NOTE | |
r-devel-linux-x86_64-fedora-clang | 0.0.1 | 36.81 | NOTE | |||
r-devel-linux-x86_64-fedora-gcc | 0.0.1 | 33.27 | NOTE | |||
r-devel-windows-x86_64 | 0.0.1 | 6.00 | 44.00 | 50.00 | NOTE | |
r-patched-linux-x86_64 | 0.0.1 | 3.30 | 23.44 | 26.74 | NOTE | |
r-release-linux-x86_64 | 0.0.1 | 3.30 | 23.75 | 27.05 | NOTE | |
r-release-macos-arm64 | 0.0.1 | 18.00 | NOTE | |||
r-release-macos-x86_64 | 0.0.1 | 24.00 | NOTE | |||
r-release-windows-x86_64 | 0.0.1 | 5.00 | 44.00 | 49.00 | NOTE | |
r-oldrel-macos-arm64 | 0.0.1 | 20.00 | NOTE | |||
r-oldrel-macos-x86_64 | 0.0.1 | 21.00 | NOTE | |||
r-oldrel-windows-x86_64 | 0.0.1 | 6.00 | 47.00 | 53.00 | NOTE |
Version: 0.0.1
Check: Rd files
Result: NOTE
checkRd: (-1) listInverseBlocks.Rd:5: Lost braces; missing escapes or markup?
5 | \title{List all the inverse matrices of the leading sub-matrix of P=Sigma^{-1}
| ^
checkRd: (-1) listInverseBlocks.Rd:17: Lost braces; missing escapes or markup?
17 | List all the inverse matrices of the leading sub-matrix of P=Sigma^{-1}
| ^
Flavors: r-devel-linux-x86_64-debian-clang, r-devel-linux-x86_64-debian-gcc
Version: 0.0.1
Check: LazyData
Result: NOTE
'LazyData' is specified without a 'data' directory
Flavors: r-devel-linux-x86_64-debian-clang, r-devel-linux-x86_64-debian-gcc, r-devel-linux-x86_64-fedora-clang, r-devel-linux-x86_64-fedora-gcc, r-devel-windows-x86_64, r-patched-linux-x86_64, r-release-linux-x86_64, r-release-macos-arm64, r-release-macos-x86_64, r-release-windows-x86_64, r-oldrel-macos-arm64, r-oldrel-macos-x86_64, r-oldrel-windows-x86_64