CRAN Package Check Results for Package gconcord

Last updated on 2019-10-15 18:48:51 CEST.

Flavor Version Tinstall Tcheck Ttotal Status Flags
r-devel-linux-x86_64-debian-clang 0.41 2.68 15.87 18.55 NOTE
r-devel-linux-x86_64-debian-gcc 0.41 2.00 13.21 15.21 NOTE
r-devel-linux-x86_64-fedora-clang 0.41 24.19 NOTE
r-devel-linux-x86_64-fedora-gcc 0.41 23.47 NOTE
r-devel-windows-ix86+x86_64 0.41 13.00 36.00 49.00 NOTE
r-patched-linux-x86_64 0.41 2.43 15.98 18.41 NOTE
r-patched-solaris-x86 0.41 38.00 NOTE
r-release-linux-x86_64 0.41 2.45 15.86 18.31 NOTE
r-release-windows-ix86+x86_64 0.41 15.00 39.00 54.00 NOTE
r-release-osx-x86_64 0.41 NOTE
r-oldrel-windows-ix86+x86_64 0.41 6.00 35.00 41.00 NOTE
r-oldrel-osx-x86_64 0.41 NOTE

Additional issues

valgrind

Check Details

Version: 0.41
Check: DESCRIPTION meta-information
Result: NOTE
    Malformed Description field: should contain one or more complete sentences.
Flavors: r-devel-linux-x86_64-debian-clang, r-devel-linux-x86_64-debian-gcc, r-devel-linux-x86_64-fedora-clang, r-devel-linux-x86_64-fedora-gcc, r-devel-windows-ix86+x86_64, r-patched-linux-x86_64, r-patched-solaris-x86, r-release-linux-x86_64, r-release-windows-ix86+x86_64, r-release-osx-x86_64, r-oldrel-windows-ix86+x86_64, r-oldrel-osx-x86_64

Version: 0.41
Check: compiled code
Result: NOTE
    File ‘gconcord/libs/gconcord.so’:
     Found no calls to: ‘R_registerRoutines’, ‘R_useDynamicSymbols’
    
    It is good practice to register native routines and to disable symbol
    search.
    
    See ‘Writing portable packages’ in the ‘Writing R Extensions’ manual.
Flavors: r-devel-linux-x86_64-fedora-clang, r-devel-linux-x86_64-fedora-gcc