Last updated on 2021-01-19 06:51:01 CET.
Flavor | Version | Tinstall | Tcheck | Ttotal | Status | Flags |
---|---|---|---|---|---|---|
r-devel-linux-x86_64-debian-clang | 0.41 | 2.76 | 19.45 | 22.21 | NOTE | |
r-devel-linux-x86_64-debian-gcc | 0.41 | 2.34 | 15.99 | 18.33 | NOTE | |
r-devel-linux-x86_64-fedora-clang | 0.41 | 37.05 | NOTE | |||
r-devel-linux-x86_64-fedora-gcc | 0.41 | 27.49 | NOTE | |||
r-devel-windows-ix86+x86_64 | 0.41 | 7.00 | 35.00 | 42.00 | NOTE | |
r-patched-linux-x86_64 | 0.41 | 2.84 | 18.98 | 21.82 | NOTE | |
r-patched-solaris-x86 | 0.41 | 40.30 | NOTE | |||
r-release-linux-x86_64 | 0.41 | 2.87 | 19.30 | 22.17 | NOTE | |
r-release-macos-x86_64 | 0.41 | NOTE | ||||
r-release-windows-ix86+x86_64 | 0.41 | 8.00 | 33.00 | 41.00 | NOTE | |
r-oldrel-macos-x86_64 | 0.41 | NOTE | ||||
r-oldrel-windows-ix86+x86_64 | 0.41 | 13.00 | 37.00 | 50.00 | NOTE |
Version: 0.41
Check: DESCRIPTION meta-information
Result: NOTE
Malformed Description field: should contain one or more complete sentences.
Flavors: r-devel-linux-x86_64-debian-clang, r-devel-linux-x86_64-debian-gcc, r-devel-linux-x86_64-fedora-clang, r-devel-linux-x86_64-fedora-gcc, r-devel-windows-ix86+x86_64, r-patched-linux-x86_64, r-patched-solaris-x86, r-release-linux-x86_64, r-release-macos-x86_64, r-release-windows-ix86+x86_64, r-oldrel-macos-x86_64, r-oldrel-windows-ix86+x86_64
Version: 0.41
Check: compiled code
Result: NOTE
File ‘gconcord/libs/gconcord.so’:
Found no calls to: ‘R_registerRoutines’, ‘R_useDynamicSymbols’
It is good practice to register native routines and to disable symbol
search.
See ‘Writing portable packages’ in the ‘Writing R Extensions’ manual.
Flavors: r-devel-linux-x86_64-fedora-clang, r-devel-linux-x86_64-fedora-gcc