CRAN Package Check Results for Package gdalUtilities

Last updated on 2024-02-28 07:02:34 CET.

Flavor Version Tinstall Tcheck Ttotal Status Flags
r-devel-linux-x86_64-debian-clang 1.2.5 4.78 57.32 62.10 NOTE
r-devel-linux-x86_64-debian-gcc 1.2.5 3.47 44.36 47.83 NOTE
r-devel-linux-x86_64-fedora-clang 1.2.5 76.70 NOTE
r-devel-linux-x86_64-fedora-gcc 1.2.5 74.83 NOTE
r-devel-windows-x86_64 1.2.5 7.00 62.00 69.00 OK
r-patched-linux-x86_64 1.2.5 4.70 56.34 61.04 OK
r-release-linux-x86_64 1.2.5 4.86 56.62 61.48 OK
r-release-macos-arm64 1.2.5 27.00 OK
r-release-macos-x86_64 1.2.5 54.00 OK
r-release-windows-x86_64 1.2.5 8.00 70.00 78.00 OK
r-oldrel-macos-arm64 1.2.5 29.00 OK
r-oldrel-windows-x86_64 1.2.5 9.00 72.00 81.00 OK

Check Details

Version: 1.2.5
Check: Rd files
Result: NOTE checkRd: (-1) nearblack.Rd:30: Lost braces 30 | code{infile=}, indicating that the input file should be | ^ Flavors: r-devel-linux-x86_64-debian-clang, r-devel-linux-x86_64-debian-gcc, r-devel-linux-x86_64-fedora-clang, r-devel-linux-x86_64-fedora-gcc