CRAN Package Check Results for Package gdalUtils

Last updated on 2021-12-07 10:50:22 CET.

Flavor Version Tinstall Tcheck Ttotal Status Flags
r-devel-linux-x86_64-debian-clang 2.0.3.2 23.65 238.66 262.31 OK
r-devel-linux-x86_64-debian-gcc 2.0.3.2 22.86 181.25 204.11 OK
r-devel-linux-x86_64-fedora-clang 2.0.3.2 352.36 OK
r-devel-linux-x86_64-fedora-gcc 2.0.3.2 315.58 OK
r-devel-windows-x86_64-new-UL 2.0.3.2 40.00 0.00 40.00 FAIL
r-devel-windows-x86_64-new-TK 2.0.3.2 OK
r-devel-windows-x86_64-old 2.0.3.2 39.00 267.00 306.00 OK
r-patched-linux-x86_64 2.0.3.2 26.33 233.45 259.78 OK
r-release-linux-x86_64 2.0.3.2 25.16 235.26 260.42 OK
r-release-macos-arm64 2.0.3.2 OK
r-release-macos-x86_64 2.0.3.2 OK
r-release-windows-ix86+x86_64 2.0.3.2 40.00 261.00 301.00 OK
r-oldrel-macos-x86_64 2.0.3.2 OK
r-oldrel-windows-ix86+x86_64 2.0.3.2 59.00 279.00 338.00 OK

Check Details

Version: 2.0.3.2
Check: examples
Result: FAIL
    Check process probably crashed or hung up for 20 minutes ... killed
    Most likely this happened in the example checks (?),
    if not, ignore the following last lines of example output:
    + ##D # Rename the raster data:
    + ##D new_name <- tempfile(fileext=".tif")
    + ##D gdalmanage(mode="rename",file_copy,new_name)
    + ##D file.exists(new_name)
    + ##D
    + ##D # Using delete mode
    + ##D # Delete the raster data:
    + ##D gdalmanage(mode="delete",new_name)
    + ##D file.exists(new_name)
    + ## End(Not run)
    + }
    >
    >
    >
    > cleanEx()
    > nameEx("gdalsrsinfo")
    > ### * gdalsrsinfo
    >
    > flush(stderr()); flush(stdout())
    >
    > ### Name: gdalsrsinfo
    > ### Title: gdalsrsinfo
    > ### Aliases: gdalsrsinfo
    >
    > ### ** Examples
    >
    > # We'll pre-check to make sure there is a valid GDAL install.
    > # Note this isn't strictly neccessary, as executing the function will
    > # force a search for a valid GDAL install.
    > gdal_setInstallation()
    ======== End of example output (where/before crash/hang up occured ?) ========
Flavor: r-devel-windows-x86_64-new-UL