CRAN Package Check Results for Package gdalcubes

Last updated on 2019-11-14 14:46:14 CET.

Flavor Version Tinstall Tcheck Ttotal Status Flags
r-devel-linux-x86_64-debian-clang 0.2.3 390.40 51.50 441.90 OK
r-devel-linux-x86_64-debian-gcc 0.2.3 370.00 40.60 410.60 OK
r-devel-linux-x86_64-fedora-clang 0.2.3 598.54 NOTE
r-devel-linux-x86_64-fedora-gcc 0.2.3 724.66 OK
r-devel-windows-ix86+x86_64 0.2.3 1019.00 473.00 1492.00 NOTE
r-patched-linux-x86_64 0.2.3 358.03 50.74 408.77 OK
r-patched-solaris-x86 0.2.3 510.10 NOTE
r-release-linux-x86_64 0.2.3 362.84 50.79 413.63 OK
r-release-windows-ix86+x86_64 0.2.3 821.00 464.00 1285.00 NOTE
r-release-osx-x86_64 0.2.3 NOTE
r-oldrel-windows-ix86+x86_64 0.2.3 777.00 470.00 1247.00 NOTE
r-oldrel-osx-x86_64 0.2.3 NOTE

Check Details

Version: 0.2.3
Check: installed package size
Result: NOTE
     installed size is 40.9Mb
     sub-directories of 1Mb or more:
     L8NY18 2.3Mb
     libs 37.2Mb
Flavors: r-devel-linux-x86_64-fedora-clang, r-devel-windows-ix86+x86_64, r-patched-solaris-x86, r-release-windows-ix86+x86_64, r-release-osx-x86_64, r-oldrel-windows-ix86+x86_64, r-oldrel-osx-x86_64