CRAN Package Check Results for Package gdalcubes

Last updated on 2020-05-26 15:49:41 CEST.

Flavor Version Tinstall Tcheck Ttotal Status Flags
r-devel-linux-x86_64-debian-clang 0.2.5 414.58 57.39 471.97 OK
r-devel-linux-x86_64-debian-gcc 0.2.5 399.52 44.89 444.41 OK
r-devel-linux-x86_64-fedora-clang 0.2.5 689.67 NOTE
r-devel-linux-x86_64-fedora-gcc 0.2.5 732.27 OK
r-devel-windows-ix86+x86_64 0.2.5 1043.00 410.00 1453.00 NOTE
r-patched-linux-x86_64 0.2.5 407.45 57.86 465.31 OK
r-patched-solaris-x86 0.2.5 560.50 NOTE
r-release-linux-x86_64 0.2.5 407.35 56.91 464.26 OK
r-release-osx-x86_64 0.2.5 NOTE
r-release-windows-ix86+x86_64 0.2.5 766.00 371.00 1137.00 NOTE
r-oldrel-osx-x86_64 0.2.5 NOTE
r-oldrel-windows-ix86+x86_64 0.2.5 987.00 434.00 1421.00 NOTE

Check Details

Version: 0.2.5
Check: installed package size
Result: NOTE
     installed size is 45.7Mb
     sub-directories of 1Mb or more:
     L8NY18 2.3Mb
     libs 42.1Mb
Flavors: r-devel-linux-x86_64-fedora-clang, r-devel-windows-ix86+x86_64, r-patched-solaris-x86, r-release-osx-x86_64, r-release-windows-ix86+x86_64, r-oldrel-osx-x86_64, r-oldrel-windows-ix86+x86_64