CRAN Package Check Results for Package gdmp

Last updated on 2021-09-25 03:51:23 CEST.

Flavor Version Tinstall Tcheck Ttotal Status Flags
r-devel-linux-x86_64-debian-clang 0.2.0 5.17 26.56 31.73 NOTE
r-devel-linux-x86_64-debian-gcc 0.2.0 3.61 20.86 24.47 NOTE
r-devel-linux-x86_64-fedora-clang 0.2.0 47.81 NOTE
r-devel-linux-x86_64-fedora-gcc 0.2.0 36.59 NOTE
r-devel-windows-x86_64 0.2.0 9.00 33.00 42.00 NOTE
r-devel-windows-x86_64-gcc10-UCRT 0.2.0 NOTE
r-patched-linux-x86_64 0.2.0 5.03 26.03 31.06 NOTE
r-patched-solaris-x86 0.2.0 55.50 NOTE
r-release-linux-x86_64 0.2.0 4.60 25.85 30.45 NOTE
r-release-macos-arm64 0.2.0 NOTE
r-release-macos-x86_64 0.2.0 NOTE
r-release-windows-ix86+x86_64 0.2.0 17.00 40.00 57.00 NOTE
r-oldrel-macos-x86_64 0.2.0 OK
r-oldrel-windows-ix86+x86_64 0.2.0 14.00 40.00 54.00 OK

Check Details

Version: 0.2.0
Check: LazyData
Result: NOTE
     'LazyData' is specified without a 'data' directory
Flavors: r-devel-linux-x86_64-debian-clang, r-devel-linux-x86_64-debian-gcc, r-devel-linux-x86_64-fedora-clang, r-devel-linux-x86_64-fedora-gcc, r-devel-windows-x86_64, r-devel-windows-x86_64-gcc10-UCRT, r-patched-linux-x86_64, r-patched-solaris-x86, r-release-linux-x86_64, r-release-macos-arm64, r-release-macos-x86_64, r-release-windows-ix86+x86_64

Version: 0.2.0
Check: compiled code
Result: NOTE
    File ‘gdmp/libs/gdmp.so’:
     Found no calls to: ‘R_registerRoutines’, ‘R_useDynamicSymbols’
    
    It is good practice to register native routines and to disable symbol
    search.
    
    See ‘Writing portable packages’ in the ‘Writing R Extensions’ manual.
Flavors: r-devel-linux-x86_64-fedora-clang, r-devel-linux-x86_64-fedora-gcc