CRAN Package Check Results for Package gdtools

Last updated on 2018-10-16 03:49:25 CEST.

Flavor Version Tinstall Tcheck Ttotal Status Flags
r-devel-linux-x86_64-debian-clang 0.1.7 47.26 25.77 73.03 OK
r-devel-linux-x86_64-debian-gcc 0.1.7 40.04 20.67 60.71 OK
r-devel-linux-x86_64-fedora-clang 0.1.7 108.29 OK
r-devel-linux-x86_64-fedora-gcc 0.1.7 95.32 OK
r-devel-windows-ix86+x86_64 0.1.7 135.00 103.00 238.00 NOTE
r-patched-linux-x86_64 0.1.7 48.50 22.45 70.95 OK
r-patched-solaris-x86 0.1.7 88.90 OK
r-release-linux-x86_64 0.1.7 50.24 22.73 72.97 OK
r-release-windows-ix86+x86_64 0.1.7 110.00 75.00 185.00 NOTE
r-release-osx-x86_64 0.1.7 OK
r-oldrel-windows-ix86+x86_64 0.1.7 144.00 93.00 237.00 NOTE
r-oldrel-osx-x86_64 0.1.7 OK

Check Details

Version: 0.1.7
Check: installed package size
Result: NOTE
     installed size is 7.5Mb
     sub-directories of 1Mb or more:
     libs 7.4Mb
Flavors: r-devel-windows-ix86+x86_64, r-release-windows-ix86+x86_64, r-oldrel-windows-ix86+x86_64