CRAN Package Check Results for Package gdtools

Last updated on 2019-01-20 09:47:35 CET.

Flavor Version Tinstall Tcheck Ttotal Status Flags
r-devel-linux-x86_64-debian-clang 0.1.7 45.22 24.78 70.00 OK
r-devel-linux-x86_64-debian-gcc 0.1.7 38.70 19.75 58.45 OK
r-devel-linux-x86_64-fedora-clang 0.1.7 108.48 OK
r-devel-linux-x86_64-fedora-gcc 0.1.7 94.35 OK
r-devel-windows-ix86+x86_64 0.1.7 127.00 105.00 232.00 NOTE
r-patched-linux-x86_64 0.1.7 50.43 22.86 73.29 OK
r-patched-solaris-x86 0.1.7 90.80 OK
r-release-linux-x86_64 0.1.7 51.48 22.80 74.28 OK
r-release-windows-ix86+x86_64 0.1.7 116.00 101.00 217.00 NOTE
r-release-osx-x86_64 0.1.7 OK
r-oldrel-windows-ix86+x86_64 0.1.7 139.00 66.00 205.00 NOTE
r-oldrel-osx-x86_64 0.1.7 OK

Check Details

Version: 0.1.7
Check: installed package size
Result: NOTE
     installed size is 7.5Mb
     sub-directories of 1Mb or more:
     libs 7.4Mb
Flavors: r-devel-windows-ix86+x86_64, r-release-windows-ix86+x86_64, r-oldrel-windows-ix86+x86_64