CRAN Package Check Results for Package gdtools

Last updated on 2018-08-20 00:53:47 CEST.

Flavor Version Tinstall Tcheck Ttotal Status Flags
r-devel-linux-x86_64-debian-clang 0.1.7 45.04 25.43 70.47 OK
r-devel-linux-x86_64-debian-gcc 0.1.7 38.96 20.44 59.40 OK
r-devel-linux-x86_64-fedora-clang 0.1.7 103.47 OK
r-devel-linux-x86_64-fedora-gcc 0.1.7 97.16 OK
r-devel-windows-ix86+x86_64 0.1.7 117.00 112.00 229.00 NOTE
r-patched-linux-x86_64 0.1.7 44.87 22.60 67.47 OK
r-patched-solaris-x86 0.1.7 90.70 OK
r-release-linux-x86_64 0.1.7 49.58 22.62 72.20 OK
r-release-windows-ix86+x86_64 0.1.7 124.00 99.00 223.00 NOTE
r-release-osx-x86_64 0.1.7 OK
r-oldrel-windows-ix86+x86_64 0.1.7 88.00 109.00 197.00 NOTE
r-oldrel-osx-x86_64 0.1.7 OK

Check Details

Version: 0.1.7
Check: installed package size
Result: NOTE
     installed size is 7.5Mb
     sub-directories of 1Mb or more:
     libs 7.4Mb
Flavors: r-devel-windows-ix86+x86_64, r-release-windows-ix86+x86_64, r-oldrel-windows-ix86+x86_64