CRAN Package Check Results for Package gdtools

Last updated on 2018-06-18 20:50:52 CEST.

Flavor Version Tinstall Tcheck Ttotal Status Flags
r-devel-linux-x86_64-debian-clang 0.1.7 46.49 22.85 69.34 OK
r-devel-linux-x86_64-debian-gcc 0.1.7 36.03 19.85 55.88 OK
r-devel-linux-x86_64-fedora-clang 0.1.7 94.37 OK
r-devel-linux-x86_64-fedora-gcc 0.1.7 82.99 OK
r-devel-windows-ix86+x86_64 0.1.7 127.00 80.00 207.00 NOTE
r-patched-linux-x86_64 0.1.7 45.48 22.77 68.25 OK
r-patched-solaris-x86 0.1.7 89.00 OK
r-release-linux-x86_64 0.1.7 45.31 22.48 67.79 OK
r-release-windows-ix86+x86_64 0.1.7 101.00 95.00 196.00 NOTE
r-release-osx-x86_64 0.1.7 OK
r-oldrel-windows-ix86+x86_64 0.1.7 104.00 91.00 195.00 NOTE
r-oldrel-osx-x86_64 0.1.7 OK

Check Details

Version: 0.1.7
Check: installed package size
Result: NOTE
     installed size is 7.5Mb
     sub-directories of 1Mb or more:
     libs 7.4Mb
Flavors: r-devel-windows-ix86+x86_64, r-release-windows-ix86+x86_64, r-oldrel-windows-ix86+x86_64